{"id":16349,"date":"2021-03-17T16:21:32","date_gmt":"2021-03-17T14:21:32","guid":{"rendered":"https:\/\/www.fundaciomeritxell.cat\/?page_id=16349"},"modified":"2026-03-20T12:02:29","modified_gmt":"2026-03-20T10:02:29","slug":"maternelle","status":"publish","type":"page","link":"https:\/\/www.fundaciomeritxell.cat\/fr\/maternelle\/","title":{"rendered":"\u00c9COLE MATERNELLE"},"content":{"rendered":"<div class=\"wpb-content-wrapper\"><p>[vc_row][vc_column][vc_single_image image=\u00a0\u00bb26255&Prime; img_size=\u00a0\u00bbfull\u00a0\u00bb alignment=\u00a0\u00bbcenter\u00a0\u00bb css=\u00a0\u00bb\u00a0\u00bb][\/vc_column][\/vc_row][vc_row][vc_column][vc_column_text css=\u00a0\u00bb\u00a0\u00bb]<\/p>\r\n<figure class=\"wp-block-image size-full\"><\/figure>\r\n<p><!-- \/wp:post-content -->\r\n\r\n<!-- wp:paragraph -->Durant l&rsquo;\u00e9tape a l&rsquo;\u00e9cole maternelle, les enfants et les petites filles exp\u00e9rimentent un d\u00e9veloppement remarquable psicomotriz, cognitif, personnel et social, ainsi que aussi des am\u00e9liorations importantes dans l&rsquo;acquisition du langage.<\/p>\r\n<!-- \/wp:paragraph -->\r\n<p>&nbsp;<\/p>\r\n<!-- wp:image {\"align\":\"left\",\"id\":10845,\"width\":279,\"height\":457,\"linkDestination\":\"custom\"} -->\r\n<figure class=\"wp-block-image alignleft is-resized\"><a href=\"https:\/\/www.fundaciomeritxell.cat\/wp-content\/uploads\/2018\/07\/Infantil-Escola-Meritxell-jocs.jpeg\" target=\"_blank\" rel=\"noreferrer noopener\"><img loading=\"lazy\" decoding=\"async\" width=\"343\" height=\"561\" class=\"wp-image-10845\" style=\"width: 279px; height: 457px;\" src=\"https:\/\/www.fundaciomeritxell.cat\/wp-content\/uploads\/2018\/07\/Infantil-Escola-Meritxell-jocs.jpeg\" alt=\"Infantil Escola Meritxell de Matar\u00f3\" title=\"\" srcset=\"https:\/\/www.fundaciomeritxell.cat\/wp-content\/uploads\/2018\/07\/Infantil-Escola-Meritxell-jocs.jpeg 343w, https:\/\/www.fundaciomeritxell.cat\/wp-content\/uploads\/2018\/07\/Infantil-Escola-Meritxell-jocs-183x300.jpeg 183w\" sizes=\"auto, (max-width: 343px) 100vw, 343px\" \/><\/a><\/figure>\r\n<p><!-- \/wp:image -->\r\n\r\n<!-- wp:paragraph -->Nous consid\u00e9rons tr\u00e8s importants que, depuis la premi\u00e8re \u00e9tape scolaire, les enfants et les petites filles acqui\u00e8rent quelques <strong>habitudes<\/strong>. Ces habitudes ils <strong>ont <\/strong>\u00e0 \u00eatre utiles pour obtenir le plus grand degr\u00e9 d&rsquo;autonomie possible, qui ils aidera \u00e0 obtenir plus d&rsquo;acceptation sociale, un meilleur d\u00e9veloppement de ses possibilit\u00e9s et l&rsquo;acquisition d&rsquo;apprentissages. Au moyen du jeu nous travaillons les habitudes d&rsquo;autonomie, de relation, de l&rsquo;ordre, d&rsquo;hygi\u00e8ne et de propret\u00e9 personnelle.<\/p>\r\n<p><!-- \/wp:paragraph -->\r\n\r\n<!-- wp:paragraph -->Notre maternelle accepte et respecte, chaque enfant qui arrive \u00e0 l&rsquo;\u00c9cole avec quelques exp\u00e9riences, quelques d\u00e9sirs et quelques capacit\u00e9s et \u00e0 travers de l&rsquo;activit\u00e9, le jeu et l&rsquo;apprentissage, par d\u00e9couverte, les \u00e9l\u00e8ves d\u00e9velopperont ses capacit\u00e9s.<\/p>\r\n<p><!-- \/wp:paragraph -->\r\n\r\n<!-- wp:paragraph -->La programmation dans la maternelle est structur\u00e9e \u00e0 partir de trois grandes aires mises en relation et li\u00e9es :<\/p>\r\n<!-- \/wp:paragraph -->\r\n<p>&nbsp;<\/p>\r\n<!-- wp:heading -->\r\n<h2 class=\"wp-block-heading\">Aire : la D\u00e9couverte de le m\u00eame<\/h2>\r\n<!-- \/wp:heading -->\r\n<p>&nbsp;<\/p>\r\n<!-- wp:separator {\"opacity\":\"css\"} --><hr class=\"wp-block-separator has-css-opacity\" \/>\r\n<p><!-- \/wp:separator -->\r\n\r\n<!-- wp:paragraph -->Il(Elle) fait r\u00e9f\u00e9rence \u00e0 la connaissance de la propre personne et \u00e0 la notion d&rsquo;identit\u00e9, qui se constitue dans une interaction avec l&rsquo;environnement. Le but du travail de cette aire est de d\u00e9velopper chez l&rsquo;enfant la curiosit\u00e9, le d\u00e9sir d&rsquo;observer, de comparer, de prendre des initiatives, de r\u00e9soudre des difficult\u00e9s et de comprendre des processus.<\/p>\r\n<!-- \/wp:paragraph -->\r\n<p>&nbsp;<\/p>\r\n<!-- wp:heading -->\r\n<h2 class=\"wp-block-heading\">Aire: la D\u00e9couverte de l&rsquo;environnemen<\/h2>\r\n<!-- \/wp:heading -->\r\n<p>&nbsp;<\/p>\r\n<!-- wp:separator {\"opacity\":\"css\"} --><hr class=\"wp-block-separator has-css-opacity\" \/>\r\n<p><!-- \/wp:separator -->\r\n\r\n<!-- wp:paragraph -->Il(Elle) se rapporte \u00e0 l&rsquo;interaction que les enfants et les petites filles ont \u00e0 faire avec l&rsquo;environnement pour le conna\u00eetre. Le travail repose dans l&rsquo;observation directe ou indirecte, la manipulation et l&rsquo;exp\u00e9rimentation.<\/p>\r\n<!-- \/wp:paragraph -->\r\n<p>&nbsp;<\/p>\r\n<!-- wp:heading -->\r\n<h2 class=\"wp-block-heading\">Aire: l&rsquo;Intercommunication et le langage<\/h2>\r\n<!-- \/wp:heading -->\r\n<p>&nbsp;<\/p>\r\n<!-- wp:separator {\"opacity\":\"css\"} --><hr class=\"wp-block-separator has-css-opacity\" \/>\r\n<p><!-- \/wp:separator -->\r\n\r\n<!-- wp:paragraph -->Le lien entre les deux premi\u00e8res aires est fait \u00e0 travers de diff\u00e9rents langages : musical, plastique, math\u00e9matique, verbal et corporel.<\/p>\r\n<p><!-- \/wp:paragraph -->\r\n\r\n<!-- wp:paragraph -->La langue \u00e9trang\u00e8re qui \u00e9tudie quotidiennement, d\u00e9j\u00e0 depuis P3, est l&rsquo;<strong>Anglais<\/strong>. Son acquisition est fond\u00e9e dans la communication orale avec les ma\u00eetresses de langue \u00e9trang\u00e8re en anglais, \u00e0 chaque instant de la vie scolaire, et on accorde un total <strong>cinq heures hebdomadaires<\/strong>. De plus, l&rsquo;\u00e9cole offre, aussi, des ateliers extrascolaires dans cette langue.<\/p>\r\n<p><!-- \/wp:paragraph -->\r\n\r\n<!-- wp:paragraph -->On utilise la promotion de la <strong>cr\u00e9ativit\u00e9<\/strong> de nos \u00e9l\u00e8ves comme strat\u00e9gie pour stimuler la croissance, la pens\u00e9e lat\u00e9rale et divergente, cela comme les intelligences multiples.<\/p>\r\n<!-- \/wp:paragraph -->\r\n<p>&nbsp;<\/p>\r\n<!-- wp:image {\"align\":\"left\",\"id\":10848,\"width\":247,\"height\":267,\"linkDestination\":\"custom\"} -->\r\n<figure class=\"wp-block-image alignleft is-resized\"><a href=\"https:\/\/www.fundaciomeritxell.cat\/wp-content\/uploads\/2018\/07\/Infantil-Escola-Meritxell-Mataro-Pitem.jpeg\" target=\"_blank\" rel=\"noreferrer noopener\"><img loading=\"lazy\" decoding=\"async\" width=\"518\" height=\"560\" class=\"wp-image-10848\" style=\"width: 247px; height: 267px;\" src=\"https:\/\/www.fundaciomeritxell.cat\/wp-content\/uploads\/2018\/07\/Infantil-Escola-Meritxell-Mataro-Pitem.jpeg\" alt=\"Infantil Escola Meritxell de Matar\u00f3\" title=\"\" srcset=\"https:\/\/www.fundaciomeritxell.cat\/wp-content\/uploads\/2018\/07\/Infantil-Escola-Meritxell-Mataro-Pitem.jpeg 518w, https:\/\/www.fundaciomeritxell.cat\/wp-content\/uploads\/2018\/07\/Infantil-Escola-Meritxell-Mataro-Pitem-278x300.jpeg 278w\" sizes=\"auto, (max-width: 518px) 100vw, 518px\" \/><\/a><\/figure>\r\n<p><!-- \/wp:image -->\r\n\r\n<!-- wp:paragraph --><strong>L&rsquo;apprentissage coop\u00e9ratif<\/strong> s&rsquo;introduit aussi depuis les premiers cours comme strat\u00e9gie pour que les apprentissages soient les les plus significatifs possibles et renforcer l&rsquo;apprentissage competencial de nos \u00e9l\u00e8ves.<\/p>\r\n<p><!-- \/wp:paragraph -->\r\n\r\n<!-- wp:paragraph -->Toutes les salles d&rsquo;\u00c9cole maternelle disposent d&rsquo;un ordinateur et un acc\u00e8s \u00e0 <strong>iPads<\/strong> que, vu par les enfants et comme un jeu, il(elle) facilite aux petites filles et renforce, \u00e0 travers d&rsquo;un ample \u00e9ventail de programmes et de diff\u00e9rentes applications des apprentissages.<\/p>\r\n<p><!-- \/wp:paragraph -->\r\n\r\n<!-- wp:paragraph -->Les salles de P4 et P5 disposent, de plus, des <strong>ardoises digitales interactives<\/strong>, les avantages \u00e9ducatifs desquels ils(elles) sont indubitables. Il s&rsquo;agit des outils de communication d&rsquo;un apprentissage et d&rsquo;interaction tr\u00e8s puissante.<br \/>L&rsquo;\u00e9cole dispose d&rsquo;une double ligne \u00e0 tous les cours qui sont accord\u00e9s. Dans la maternelle le ratio est de 25 \u00e9l\u00e8ves par classe et l&rsquo;horaire est de 9:00h \u00e0 13:00h et de 15:00h \u00e0 17:00h, de lundi \u00e0 vendredi, avec un total 30 heures scolaires par semaine.<\/p>\r\n<p><!-- \/wp:paragraph -->\r\n\r\n<!-- wp:paragraph -->D\u2019autre part, l\u2019\u00e9cole offre aussi les <a href=\"https:\/\/www.fundaciomeritxell.cat\/fr\/doip\/\" target=\"_blank\" rel=\"noreferrer noopener\">services d\u2019orientation et intervention psychop\u00e9dagogique<\/a>, un <a href=\"https:\/\/www.fundaciomeritxell.cat\/fr\/accueil\/\" target=\"_blank\" rel=\"noreferrer noopener\">service d\u2019accueil<\/a> le matin et l\u2019apr\u00e8s-midi, la <a href=\"https:\/\/www.fundaciomeritxell.cat\/fr\/demi-pension\/\" target=\"_blank\" rel=\"noreferrer noopener\">demi-pension<\/a> et le <a href=\"https:\/\/www.fundaciomeritxell.cat\/fr\/monitorage\/\" target=\"_blank\" rel=\"noreferrer noopener\">monitorage<\/a>, les activit\u00e9s extrascolaires programm\u00e9es et, finalement, <a href=\"https:\/\/www.fundaciomeritxell.cat\/fr\/cic-language-school\/\" target=\"_blank\" rel=\"noreferrer noopener\">l\u2019Ecole CIC, leur propre \u00e9cole de langues \u00e9trang\u00e8res<\/a>.<\/p>\r\n<p><!-- \/wp:paragraph -->\r\n\r\n<!-- wp:paragraph -->Voyez \u00e9cart\u00e9 \u00ab\u00a0des Services\u00a0\u00bb de cette web.<\/p>\r\n<!-- \/wp:paragraph -->\r\n<p>[\/vc_column_text][\/vc_column][\/vc_row]<\/p><\/div>","protected":false},"excerpt":{"rendered":"<p>[vc_row][vc_column][vc_single_image image=\u00a0\u00bb26255&Prime; img_size=\u00a0\u00bbfull\u00a0\u00bb alignment=\u00a0\u00bbcenter\u00a0\u00bb css=\u00a0\u00bb\u00a0\u00bb][\/vc_column][\/vc_row][vc_row][vc_column][vc_column_text css=\u00a0\u00bb\u00a0\u00bb] Durant l&rsquo;\u00e9tape a l&rsquo;\u00e9cole maternelle, les enfants et les petites filles exp\u00e9rimentent un d\u00e9veloppement remarquable psicomotriz, cognitif, personnel et social, ainsi que aussi des am\u00e9liorations importantes dans l&rsquo;acquisition du langage. &nbsp; Nous consid\u00e9rons tr\u00e8s importants que, depuis la premi\u00e8re \u00e9tape scolaire, les enfants et &hellip; <\/p>\n","protected":false},"author":2,"featured_media":0,"parent":0,"menu_order":0,"comment_status":"closed","ping_status":"closed","template":"","meta":{"rs_blank_template":"","rs_page_bg_color":"","slide_template_v7":"","footnotes":""},"class_list":["post-16349","page","type-page","status-publish","hentry"],"_links":{"self":[{"href":"https:\/\/www.fundaciomeritxell.cat\/fr\/wp-json\/wp\/v2\/pages\/16349","targetHints":{"allow":["GET"]}}],"collection":[{"href":"https:\/\/www.fundaciomeritxell.cat\/fr\/wp-json\/wp\/v2\/pages"}],"about":[{"href":"https:\/\/www.fundaciomeritxell.cat\/fr\/wp-json\/wp\/v2\/types\/page"}],"author":[{"embeddable":true,"href":"https:\/\/www.fundaciomeritxell.cat\/fr\/wp-json\/wp\/v2\/users\/2"}],"replies":[{"embeddable":true,"href":"https:\/\/www.fundaciomeritxell.cat\/fr\/wp-json\/wp\/v2\/comments?post=16349"}],"version-history":[{"count":8,"href":"https:\/\/www.fundaciomeritxell.cat\/fr\/wp-json\/wp\/v2\/pages\/16349\/revisions"}],"predecessor-version":[{"id":26260,"href":"https:\/\/www.fundaciomeritxell.cat\/fr\/wp-json\/wp\/v2\/pages\/16349\/revisions\/26260"}],"wp:attachment":[{"href":"https:\/\/www.fundaciomeritxell.cat\/fr\/wp-json\/wp\/v2\/media?parent=16349"}],"curies":[{"name":"wp","href":"https:\/\/api.w.org\/{rel}","templated":true}]}}

ÉCOLE MATERNELLE

<div class="wpb-content-wrapper"><p>[vc_row][vc_column][vc_single_image image= »26255&Prime; img_size= »full » alignment= »center » css= » »][/vc_column][/vc_row][vc_row][vc_column][vc_column_text css= » »]</p>
<figure class="wp-block-image size-full"></figure>
<p><!-- /wp:post-content -->

<!-- wp:paragraph -->Durant l&rsquo;étape a l&rsquo;école maternelle, les enfants et les petites filles expérimentent un développement remarquable psicomotriz, cognitif, personnel et social, ainsi que aussi des améliorations importantes dans l&rsquo;acquisition du langage.</p>
<!-- /wp:paragraph -->
<p>&nbsp;</p>
<!-- wp:image {"align":"left","id":10845,"width":279,"height":457,"linkDestination":"custom"} -->
<figure class="wp-block-image alignleft is-resized"><a href="https://www.fundaciomeritxell.cat/wp-content/uploads/2018/07/Infantil-Escola-Meritxell-jocs.jpeg" target="_blank" rel="noreferrer noopener"><img loading="lazy" decoding="async" width="343" height="561" class="wp-image-10845" style="width: 279px; height: 457px;" src="https://www.fundaciomeritxell.cat/wp-content/uploads/2018/07/Infantil-Escola-Meritxell-jocs.jpeg" alt="Infantil Escola Meritxell de Mataró" title="" srcset="https://www.fundaciomeritxell.cat/wp-content/uploads/2018/07/Infantil-Escola-Meritxell-jocs.jpeg 343w, https://www.fundaciomeritxell.cat/wp-content/uploads/2018/07/Infantil-Escola-Meritxell-jocs-183x300.jpeg 183w" sizes="auto, (max-width: 343px) 100vw, 343px" /></a></figure>
<p><!-- /wp:image -->

<!-- wp:paragraph -->Nous considérons très importants que, depuis la première étape scolaire, les enfants et les petites filles acquièrent quelques <strong>habitudes</strong>. Ces habitudes ils <strong>ont </strong>à être utiles pour obtenir le plus grand degré d&rsquo;autonomie possible, qui ils aidera à obtenir plus d&rsquo;acceptation sociale, un meilleur développement de ses possibilités et l&rsquo;acquisition d&rsquo;apprentissages. Au moyen du jeu nous travaillons les habitudes d&rsquo;autonomie, de relation, de l&rsquo;ordre, d&rsquo;hygiène et de propreté personnelle.</p>
<p><!-- /wp:paragraph -->

<!-- wp:paragraph -->Notre maternelle accepte et respecte, chaque enfant qui arrive à l&rsquo;École avec quelques expériences, quelques désirs et quelques capacités et à travers de l&rsquo;activité, le jeu et l&rsquo;apprentissage, par découverte, les élèves développeront ses capacités.</p>
<p><!-- /wp:paragraph -->

<!-- wp:paragraph -->La programmation dans la maternelle est structurée à partir de trois grandes aires mises en relation et liées :</p>
<!-- /wp:paragraph -->
<p>&nbsp;</p>
<!-- wp:heading -->
<h2 class="wp-block-heading">Aire : la Découverte de le même</h2>
<!-- /wp:heading -->
<p>&nbsp;</p>
<!-- wp:separator {"opacity":"css"} --><hr class="wp-block-separator has-css-opacity" />
<p><!-- /wp:separator -->

<!-- wp:paragraph -->Il(Elle) fait référence à la connaissance de la propre personne et à la notion d&rsquo;identité, qui se constitue dans une interaction avec l&rsquo;environnement. Le but du travail de cette aire est de développer chez l&rsquo;enfant la curiosité, le désir d&rsquo;observer, de comparer, de prendre des initiatives, de résoudre des difficultés et de comprendre des processus.</p>
<!-- /wp:paragraph -->
<p>&nbsp;</p>
<!-- wp:heading -->
<h2 class="wp-block-heading">Aire: la Découverte de l&rsquo;environnemen</h2>
<!-- /wp:heading -->
<p>&nbsp;</p>
<!-- wp:separator {"opacity":"css"} --><hr class="wp-block-separator has-css-opacity" />
<p><!-- /wp:separator -->

<!-- wp:paragraph -->Il(Elle) se rapporte à l&rsquo;interaction que les enfants et les petites filles ont à faire avec l&rsquo;environnement pour le connaître. Le travail repose dans l&rsquo;observation directe ou indirecte, la manipulation et l&rsquo;expérimentation.</p>
<!-- /wp:paragraph -->
<p>&nbsp;</p>
<!-- wp:heading -->
<h2 class="wp-block-heading">Aire: l&rsquo;Intercommunication et le langage</h2>
<!-- /wp:heading -->
<p>&nbsp;</p>
<!-- wp:separator {"opacity":"css"} --><hr class="wp-block-separator has-css-opacity" />
<p><!-- /wp:separator -->

<!-- wp:paragraph -->Le lien entre les deux premières aires est fait à travers de différents langages : musical, plastique, mathématique, verbal et corporel.</p>
<p><!-- /wp:paragraph -->

<!-- wp:paragraph -->La langue étrangère qui étudie quotidiennement, déjà depuis P3, est l&rsquo;<strong>Anglais</strong>. Son acquisition est fondée dans la communication orale avec les maîtresses de langue étrangère en anglais, à chaque instant de la vie scolaire, et on accorde un total <strong>cinq heures hebdomadaires</strong>. De plus, l&rsquo;école offre, aussi, des ateliers extrascolaires dans cette langue.</p>
<p><!-- /wp:paragraph -->

<!-- wp:paragraph -->On utilise la promotion de la <strong>créativité</strong> de nos élèves comme stratégie pour stimuler la croissance, la pensée latérale et divergente, cela comme les intelligences multiples.</p>
<!-- /wp:paragraph -->
<p>&nbsp;</p>
<!-- wp:image {"align":"left","id":10848,"width":247,"height":267,"linkDestination":"custom"} -->
<figure class="wp-block-image alignleft is-resized"><a href="https://www.fundaciomeritxell.cat/wp-content/uploads/2018/07/Infantil-Escola-Meritxell-Mataro-Pitem.jpeg" target="_blank" rel="noreferrer noopener"><img loading="lazy" decoding="async" width="518" height="560" class="wp-image-10848" style="width: 247px; height: 267px;" src="https://www.fundaciomeritxell.cat/wp-content/uploads/2018/07/Infantil-Escola-Meritxell-Mataro-Pitem.jpeg" alt="Infantil Escola Meritxell de Mataró" title="" srcset="https://www.fundaciomeritxell.cat/wp-content/uploads/2018/07/Infantil-Escola-Meritxell-Mataro-Pitem.jpeg 518w, https://www.fundaciomeritxell.cat/wp-content/uploads/2018/07/Infantil-Escola-Meritxell-Mataro-Pitem-278x300.jpeg 278w" sizes="auto, (max-width: 518px) 100vw, 518px" /></a></figure>
<p><!-- /wp:image -->

<!-- wp:paragraph --><strong>L&rsquo;apprentissage coopératif</strong> s&rsquo;introduit aussi depuis les premiers cours comme stratégie pour que les apprentissages soient les les plus significatifs possibles et renforcer l&rsquo;apprentissage competencial de nos élèves.</p>
<p><!-- /wp:paragraph -->

<!-- wp:paragraph -->Toutes les salles d&rsquo;École maternelle disposent d&rsquo;un ordinateur et un accès à <strong>iPads</strong> que, vu par les enfants et comme un jeu, il(elle) facilite aux petites filles et renforce, à travers d&rsquo;un ample éventail de programmes et de différentes applications des apprentissages.</p>
<p><!-- /wp:paragraph -->

<!-- wp:paragraph -->Les salles de P4 et P5 disposent, de plus, des <strong>ardoises digitales interactives</strong>, les avantages éducatifs desquels ils(elles) sont indubitables. Il s&rsquo;agit des outils de communication d&rsquo;un apprentissage et d&rsquo;interaction très puissante.<br />L&rsquo;école dispose d&rsquo;une double ligne à tous les cours qui sont accordés. Dans la maternelle le ratio est de 25 élèves par classe et l&rsquo;horaire est de 9:00h à 13:00h et de 15:00h à 17:00h, de lundi à vendredi, avec un total 30 heures scolaires par semaine.</p>
<p><!-- /wp:paragraph -->

<!-- wp:paragraph -->D’autre part, l’école offre aussi les <a href="https://www.fundaciomeritxell.cat/fr/doip/" target="_blank" rel="noreferrer noopener">services d’orientation et intervention psychopédagogique</a>, un <a href="https://www.fundaciomeritxell.cat/fr/accueil/" target="_blank" rel="noreferrer noopener">service d’accueil</a> le matin et l’après-midi, la <a href="https://www.fundaciomeritxell.cat/fr/demi-pension/" target="_blank" rel="noreferrer noopener">demi-pension</a> et le <a href="https://www.fundaciomeritxell.cat/fr/monitorage/" target="_blank" rel="noreferrer noopener">monitorage</a>, les activités extrascolaires programmées et, finalement, <a href="https://www.fundaciomeritxell.cat/fr/cic-language-school/" target="_blank" rel="noreferrer noopener">l’Ecole CIC, leur propre école de langues étrangères</a>.</p>
<p><!-- /wp:paragraph -->

<!-- wp:paragraph -->Voyez écarté « des Services » de cette web.</p>
<!-- /wp:paragraph -->
<p>[/vc_column_text][/vc_column][/vc_row]</p></div>

<p>[vc_row][vc_column][vc_single_image image= »26255&Prime; img_size= »full » alignment= »center » css= » »][/vc_column][/vc_row][vc_row][vc_column][vc_column_text css= » »] Durant l&rsquo;étape a l&rsquo;école maternelle, les enfants et les petites filles expérimentent un développement remarquable psicomotriz, cognitif, personnel et social, ainsi que aussi des améliorations importantes dans l&rsquo;acquisition du langage. &nbsp; Nous considérons très importants que, depuis la première étape scolaire, les enfants et &hellip; </p>
