{"id":16334,"date":"2017-02-16T23:22:04","date_gmt":"2017-02-16T22:22:04","guid":{"rendered":"https:\/\/www.fundaciomeritxell.cat\/?page_id=16334"},"modified":"2022-03-22T16:16:55","modified_gmt":"2022-03-22T14:16:55","slug":"ouverture-aupres-du-monde","status":"publish","type":"page","link":"https:\/\/www.fundaciomeritxell.cat\/fr\/traits-didentite\/ouverture-aupres-du-monde\/","title":{"rendered":"Ouverture aupr\u00e8s du monde"},"content":{"rendered":"<div class=\"wpb-content-wrapper\"><p>[vc_row][vc_column][vc_single_image image=\u00a0\u00bb17724&Prime; img_size=\u00a0\u00bbfull\u00a0\u00bb alignment=\u00a0\u00bbcenter\u00a0\u00bb][vc_separator color=\u00a0\u00bbcustom\u00a0\u00bb accent_color=\u00a0\u00bb#0062ad\u00a0\u00bb][vc_custom_heading text=\u00a0\u00bb\u201cNous envisageons le monde comme un espace proche qu\u2019il faut comprendre o\u00f9 l\u2019\u00e9l\u00e8ve peut interagir dans quelque soit l\u2019\u00e9tape de sa vie\u201c\u00a0\u00bb font_container=\u00a0\u00bbtag:h3|text_align:center\u00a0\u00bb use_theme_fonts=\u00a0\u00bbyes\u00a0\u00bb css=\u00a0\u00bb.vc_custom_1647947824700{padding-bottom: 15px !important;}\u00a0\u00bb][vc_separator color=\u00a0\u00bbcustom\u00a0\u00bb accent_color=\u00a0\u00bb#0062ad\u00a0\u00bb]<div class=\"thim-widget-heading template-base\"><div class=\"sc_heading  \"><h3 style=\"text-transform: uppercase;\" class=\"title\"> <span class=\"thim-color\">Comment est-ce que nous faisons cela?<\/span><\/h3><span style=\"background-color:#0062ad\" class=\"line\"><\/span><\/div><\/div>[\/vc_column][\/vc_row][vc_row][vc_column width=\u00a0\u00bb2\/3&Prime;][vc_column_text]Avec un\u00a0<strong>Projet Linguistique<\/strong>\u00a0qui poursuit la consolidation de l\u2019apprentissage des deux langues principales (catalan et castillan) ainsi que l\u2019immersion totale dans la langue anglaise et la connaissance et expression de la langue fran\u00e7aise.<\/p>\n<p>Introduisant de plus en plus de\u00a0<strong>programmes d\u2019internationalisation<\/strong>\u00a0dans les diff\u00e9rentes \u00e9tapes \u00e9ducatives qui facilitent en m\u00eame temps le contact de l\u2019\u00e9l\u00e8ve avec des \u00e9l\u00e8ves d\u2019autres \u00e9coles du monde, autour d\u2019un projet en commun.[\/vc_column_text][\/vc_column][vc_column width=\u00a0\u00bb1\/3&Prime;][vc_single_image image=\u00a0\u00bb10191&Prime; img_size=\u00a0\u00bbfull\u00a0\u00bb alignment=\u00a0\u00bbcenter\u00a0\u00bb style=\u00a0\u00bbvc_box_shadow\u00a0\u00bb onclick=\u00a0\u00bbcustom_link\u00a0\u00bb img_link_target=\u00a0\u00bb_blank\u00a0\u00bb css_animation=\u00a0\u00bbfadeIn\u00a0\u00bb link=\u00a0\u00bbhttps:\/\/www.fundaciomeritxell.cat\/cic-idiomes-2\/\u00a0\u00bb][\/vc_column][\/vc_row][vc_row full_width=\u00a0\u00bbstretch_row\u00a0\u00bb css=\u00a0\u00bb.vc_custom_1647864143278{padding-bottom: 25px !important;background-color: #ededed !important;}\u00a0\u00bb][vc_column width=\u00a0\u00bb1\/2&Prime;]<div class=\"thim-widget-image-box template-image-box\">\n\t<div class=\"thim-image-box layout-base\">\n\t\t<img loading=\"lazy\" decoding=\"async\" src=\"https:\/\/www.fundaciomeritxell.cat\/wp-content\/uploads\/2022\/03\/speaking-workshop.jpg\" alt=\"speaking workshop\" width=\"900\" height=\"459\" title=\"\">\t\t<div class=\"title\">\n\t\t\t<h3><\/h3>\n\t\t<\/div>\n\t<\/div>\n<\/div>[\/vc_column][vc_column width=\u00a0\u00bb1\/2&Prime;][vc_empty_space height=\u00a0\u00bb16px\u00a0\u00bb][vc_column_text]Utilisant les\u00a0<strong>nouvelles technologies<\/strong>\u00a0\u00e9ducatives comme instruments qui facilitent une vision plus ouverte au monde, \u00e0 ses r\u00e9alit\u00e9s diverses et aux diff\u00e9rentes formes d\u2019\u00eatre interpr\u00e9t\u00e9 et compris.<\/p>\n<p>Facilitant l\u2019offre des m\u00e9canismes pour un\u00a0<strong>s\u00e9jour \u00e0 l\u2019\u00e9tranger<\/strong>\u00a0durant une p\u00e9riode de temps convenue\u00a0: un \u00e9t\u00e9, un trimestre ou bien un cours entier.<\/p>\n<p>Avec le <strong>Speaking Workshop<\/strong>, les \u00e9l\u00e8ves jouissent chaque quinze jours de trente minutes de conversation en anglais avec une professeur native en groupes non sup\u00e9rieurs \u00e0 5 \u00e9l\u00e8ves dans l&rsquo;horaire scolaire.[\/vc_column_text][\/vc_column][\/vc_row][vc_row][vc_column width=\u00a0\u00bb2\/3&Prime; css=\u00a0\u00bb.vc_custom_1647876869561{margin-right: 30px !important;}\u00a0\u00bb][vc_empty_space][vc_custom_heading text=\u00a0\u00bbEt \u00e0 partir de l\u2019ann\u00e9e scolaire 2017-18, en offrant la possibilit\u00e9 \u00e0 nos \u00e9l\u00e8ves d\u2019obtenir le Double Dipl\u00f4me du Lyc\u00e9e Am\u00e9ricain (American High School), avec un itin\u00e9raire flexible qui leur permettra de combiner les \u00e9tudes \u00e0 l\u2019\u00e9cole avec l\u2019obtention des qualifications am\u00e9ricaines depuis la Catalogne.\u00a0\u00bb font_container=\u00a0\u00bbtag:h4|text_align:center|line_height:2&Prime; use_theme_fonts=\u00a0\u00bbyes\u00a0\u00bb link=\u00a0\u00bburl:https%3A%2F%2Fwww.academica.school%2Ffiles%2FGuia-Rapida-ACADEMICA_CAT.pdf|target:_blank\u00a0\u00bb][\/vc_column][vc_column width=\u00a0\u00bb1\/3&Prime;][vc_single_image image=\u00a0\u00bb16446&Prime; img_size=\u00a0\u00bbfull\u00a0\u00bb alignment=\u00a0\u00bbcenter\u00a0\u00bb style=\u00a0\u00bbvc_box_shadow\u00a0\u00bb onclick=\u00a0\u00bbcustom_link\u00a0\u00bb img_link_target=\u00a0\u00bb_blank\u00a0\u00bb css_animation=\u00a0\u00bbbounceInRight\u00a0\u00bb link=\u00a0\u00bbhttps:\/\/www.academica.school\/files\/Guia-Rapida-ACADEMICA_CAT.pdf\u00a0\u00bb][\/vc_column][\/vc_row]<\/p>\n<\/div>","protected":false},"excerpt":{"rendered":"<p>[vc_row][vc_column][vc_single_image image=\u00a0\u00bb17724&Prime; img_size=\u00a0\u00bbfull\u00a0\u00bb alignment=\u00a0\u00bbcenter\u00a0\u00bb][vc_separator color=\u00a0\u00bbcustom\u00a0\u00bb accent_color=\u00a0\u00bb#0062ad\u00a0\u00bb][vc_custom_heading text=\u00a0\u00bb\u201cNous envisageons le monde comme un espace proche qu\u2019il faut comprendre o\u00f9 l\u2019\u00e9l\u00e8ve peut interagir dans quelque soit l\u2019\u00e9tape de sa vie\u201c\u00a0\u00bb font_container=\u00a0\u00bbtag:h3|text_align:center\u00a0\u00bb use_theme_fonts=\u00a0\u00bbyes\u00a0\u00bb css=\u00a0\u00bb.vc_custom_1647947824700{padding-bottom: 15px !important;}\u00a0\u00bb][vc_separator color=\u00a0\u00bbcustom\u00a0\u00bb accent_color=\u00a0\u00bb#0062ad\u00a0\u00bb][\/vc_column][\/vc_row][vc_row][vc_column width=\u00a0\u00bb2\/3&Prime;][vc_column_text]Avec un\u00a0Projet Linguistique\u00a0qui poursuit la consolidation de l\u2019apprentissage des deux langues principales (catalan et castillan) &hellip; <\/p>\n","protected":false},"author":2,"featured_media":19191,"parent":16306,"menu_order":0,"comment_status":"closed","ping_status":"closed","template":"","meta":{"rs_blank_template":"","rs_page_bg_color":"","slide_template_v7":"","footnotes":""},"class_list":["post-16334","page","type-page","status-publish","has-post-thumbnail","hentry"],"_links":{"self":[{"href":"https:\/\/www.fundaciomeritxell.cat\/fr\/wp-json\/wp\/v2\/pages\/16334","targetHints":{"allow":["GET"]}}],"collection":[{"href":"https:\/\/www.fundaciomeritxell.cat\/fr\/wp-json\/wp\/v2\/pages"}],"about":[{"href":"https:\/\/www.fundaciomeritxell.cat\/fr\/wp-json\/wp\/v2\/types\/page"}],"author":[{"embeddable":true,"href":"https:\/\/www.fundaciomeritxell.cat\/fr\/wp-json\/wp\/v2\/users\/2"}],"replies":[{"embeddable":true,"href":"https:\/\/www.fundaciomeritxell.cat\/fr\/wp-json\/wp\/v2\/comments?post=16334"}],"version-history":[{"count":0,"href":"https:\/\/www.fundaciomeritxell.cat\/fr\/wp-json\/wp\/v2\/pages\/16334\/revisions"}],"up":[{"embeddable":true,"href":"https:\/\/www.fundaciomeritxell.cat\/fr\/wp-json\/wp\/v2\/pages\/16306"}],"wp:featuredmedia":[{"embeddable":true,"href":"https:\/\/www.fundaciomeritxell.cat\/fr\/wp-json\/wp\/v2\/media\/19191"}],"wp:attachment":[{"href":"https:\/\/www.fundaciomeritxell.cat\/fr\/wp-json\/wp\/v2\/media?parent=16334"}],"curies":[{"name":"wp","href":"https:\/\/api.w.org\/{rel}","templated":true}]}}

Ouverture auprès du monde

<div class="wpb-content-wrapper"><p>[vc_row][vc_column][vc_single_image image= »17724&Prime; img_size= »full » alignment= »center »][vc_separator color= »custom » accent_color= »#0062ad »][vc_custom_heading text= »“Nous envisageons le monde comme un espace proche qu’il faut comprendre où l’élève peut interagir dans quelque soit l’étape de sa vie“ » font_container= »tag:h3|text_align:center » use_theme_fonts= »yes » css= ».vc_custom_1647947824700{padding-bottom: 15px !important;} »][vc_separator color= »custom » accent_color= »#0062ad »]<div class="thim-widget-heading template-base"><div class="sc_heading  "><h3 style="text-transform: uppercase;" class="title"> <span class="thim-color">Comment est-ce que nous faisons cela?</span></h3><span style="background-color:#0062ad" class="line"></span></div></div>[/vc_column][/vc_row][vc_row][vc_column width= »2/3&Prime;][vc_column_text]Avec un <strong>Projet Linguistique</strong> qui poursuit la consolidation de l’apprentissage des deux langues principales (catalan et castillan) ainsi que l’immersion totale dans la langue anglaise et la connaissance et expression de la langue française.</p>
<p>Introduisant de plus en plus de <strong>programmes d’internationalisation</strong> dans les différentes étapes éducatives qui facilitent en même temps le contact de l’élève avec des élèves d’autres écoles du monde, autour d’un projet en commun.[/vc_column_text][/vc_column][vc_column width= »1/3&Prime;][vc_single_image image= »10191&Prime; img_size= »full » alignment= »center » style= »vc_box_shadow » onclick= »custom_link » img_link_target= »_blank » css_animation= »fadeIn » link= »https://www.fundaciomeritxell.cat/cic-idiomes-2/ »][/vc_column][/vc_row][vc_row full_width= »stretch_row » css= ».vc_custom_1647864143278{padding-bottom: 25px !important;background-color: #ededed !important;} »][vc_column width= »1/2&Prime;]<div class="thim-widget-image-box template-image-box">
	<div class="thim-image-box layout-base">
		<img loading="lazy" decoding="async" src="https://www.fundaciomeritxell.cat/wp-content/uploads/2022/03/speaking-workshop.jpg" alt="speaking workshop" width="900" height="459" title="">		<div class="title">
			<h3></h3>
		</div>
	</div>
</div>[/vc_column][vc_column width= »1/2&Prime;][vc_empty_space height= »16px »][vc_column_text]Utilisant les <strong>nouvelles technologies</strong> éducatives comme instruments qui facilitent une vision plus ouverte au monde, à ses réalités diverses et aux différentes formes d’être interprété et compris.</p>
<p>Facilitant l’offre des mécanismes pour un <strong>séjour à l’étranger</strong> durant une période de temps convenue : un été, un trimestre ou bien un cours entier.</p>
<p>Avec le <strong>Speaking Workshop</strong>, les élèves jouissent chaque quinze jours de trente minutes de conversation en anglais avec une professeur native en groupes non supérieurs à 5 élèves dans l&rsquo;horaire scolaire.[/vc_column_text][/vc_column][/vc_row][vc_row][vc_column width= »2/3&Prime; css= ».vc_custom_1647876869561{margin-right: 30px !important;} »][vc_empty_space][vc_custom_heading text= »Et à partir de l’année scolaire 2017-18, en offrant la possibilité à nos élèves d’obtenir le Double Diplôme du Lycée Américain (American High School), avec un itinéraire flexible qui leur permettra de combiner les études à l’école avec l’obtention des qualifications américaines depuis la Catalogne. » font_container= »tag:h4|text_align:center|line_height:2&Prime; use_theme_fonts= »yes » link= »url:https%3A%2F%2Fwww.academica.school%2Ffiles%2FGuia-Rapida-ACADEMICA_CAT.pdf|target:_blank »][/vc_column][vc_column width= »1/3&Prime;][vc_single_image image= »16446&Prime; img_size= »full » alignment= »center » style= »vc_box_shadow » onclick= »custom_link » img_link_target= »_blank » css_animation= »bounceInRight » link= »https://www.academica.school/files/Guia-Rapida-ACADEMICA_CAT.pdf »][/vc_column][/vc_row]</p>
</div>

<p>[vc_row][vc_column][vc_single_image image= »17724&Prime; img_size= »full » alignment= »center »][vc_separator color= »custom » accent_color= »#0062ad »][vc_custom_heading text= »“Nous envisageons le monde comme un espace proche qu’il faut comprendre où l’élève peut interagir dans quelque soit l’étape de sa vie“ » font_container= »tag:h3|text_align:center » use_theme_fonts= »yes » css= ».vc_custom_1647947824700{padding-bottom: 15px !important;} »][vc_separator color= »custom » accent_color= »#0062ad »][/vc_column][/vc_row][vc_row][vc_column width= »2/3&Prime;][vc_column_text]Avec un Projet Linguistique qui poursuit la consolidation de l’apprentissage des deux langues principales (catalan et castillan) &hellip; </p>
