{"id":24568,"date":"2024-04-19T16:42:55","date_gmt":"2024-04-19T14:42:55","guid":{"rendered":"https:\/\/www.fundaciomeritxell.cat\/?page_id=24568"},"modified":"2024-04-22T08:38:41","modified_gmt":"2024-04-22T06:38:41","slug":"faqs","status":"publish","type":"page","link":"https:\/\/www.fundaciomeritxell.cat\/es\/faqs\/","title":{"rendered":"FAQ"},"content":{"rendered":"<div class=\"wpb-content-wrapper\"><p>[vc_row][vc_column][vc_tta_accordion active_section=\u00bb1&#8243; title=\u00bbPreguntas m\u00e1s frecuentes en la Escola Meritxell\u00bb][vc_tta_section title=\u00bb\u00bfQu\u00e9 proyecto educativo tiene la escuela?\u00bb tab_id=\u00bb1713535953478-6430e443-f5f9&#8243;][vc_column_text css=\u00bb\u00bb]Gracias por su inter\u00e9s en nuestro <a href=\"https:\/\/www.fundaciomeritxell.cat\/es\/escuela\/\" target=\"_blank\" rel=\"noopener\">Proyecto Educativo de Centro (PEC)<\/a>. Nos complace poder ofrecerle una visi\u00f3n completa y detallada de nuestros objetivos educativos y metodolog\u00edas de trabajo. Podr\u00e1 consultar el documento completo clicando en el enlace <a href=\"https:\/\/www.fundaciomeritxell.cat\/es\/escuela\/\" target=\"_blank\" rel=\"noopener\">Proyecto Educativo de Centro (PEC)<\/a> de nuestra p\u00e1gina web.<\/p>\n<p>Este documento incluye informaci\u00f3n esencial sobre nuestra filosof\u00eda educativa, los programas en curso y los compromisos \u00e9ticos y sociales que promovemos en nuestra comunidad educativa. Alentamos a todos a hacer una lectura de este documento para comprender mejor cu\u00e1l es nuestra metodolog\u00eda de trabajo para alcanzar la excelencia educativa y personal de nuestros alumnos.<\/p>\n<p>Para cualquier consulta adicional o comentar aspectos espec\u00edficos de nuestro proyecto, no dude en contactar con nosotros directamente. Estaremos encantados de resolver cualquier duda.[\/vc_column_text][\/vc_tta_section][vc_tta_section title=\u00bb\u00bfD\u00f3nde puedo ver informaci\u00f3n sobre el proceso de admisi\u00f3n?\u00bb tab_id=\u00bb1713535953487-fb17add8-20a1&#8243;][vc_column_text css=\u00bb\u00bb]Gracias por su inter\u00e9s en el proceso de admisi\u00f3n en nuestro centro. Para estar al corriente de las \u00faltimas actualizaciones, incluyendo las fechas clave y las publicaciones de las listas de admitidos, le sugerimos que acceda al apartado <a href=\"https:\/\/www.fundaciomeritxell.cat\/es\/jornada-de-aulas-abiertas\/\" target=\"_blank\" rel=\"noopener\">Jornada de Aulas Abiertas<\/a> de nuestra p\u00e1gina web, donde podr\u00e1 consultar todas las novedades del proceso de admisi\u00f3n.[\/vc_column_text][\/vc_tta_section][vc_tta_section title=\u00bb\u00bfC\u00f3mo puedo concertar una entrevista o visita a la escuela?\u00bb tab_id=\u00bb1713536447735-b6cee1d5-a313&#8243;][vc_column_text css=\u00bb\u00bb]Gracias por el inter\u00e9s en conocer nuestro centro y visitar nuestras instalaciones. Para concertar una entrevista, puede contactar directamente con la Secretar\u00eda de la escuela, a trav\u00e9s de cualquiera de los siguientes medios:<\/p>\n<p>Correo electr\u00f3nico: enviando un correo a <a href=\"mailto:secretaria@escolameritxell.org\">secretaria@escolameritxell.org<\/a> con los datos de contacto y preferencias de fechas y horarios.<\/p>\n<p>Tel\u00e9fono: llamando directamente al tel\u00e9fono <a href=\"tel:937556550\">937 556 550<\/a>. Nuestro personal de Secretar\u00eda le ayudar\u00e1 a encontrar una fecha que se adapte a su agenda.<\/p>\n<p>Esperamos tener la ocasi\u00f3n de darle la bienvenida personalmente. No dude en contactarnos para cualquier duda o informaci\u00f3n adicional que pueda necesitar.[\/vc_column_text][\/vc_tta_section][vc_tta_section title=\u00bb\u00bfD\u00f3nde puedo solicitar documentaciones?\u00bb tab_id=\u00bb1713536693092-8ba56bdd-abb4&#8243;][vc_column_text css=\u00bb\u00bb]En el enlace <a href=\"https:\/\/www.fundaciomeritxell.cat\/tramits-en-linia\/\" target=\"_blank\" rel=\"noopener\">Tr\u00e1mites online<\/a> encontrar\u00e1 un buen n\u00famero de documentos, en formato de descarga (en catal\u00e1n) o solicitud, que le pueden ser de utilidad. En el supuesto de que no localice lo que necesita, siempre podr\u00e1 pedirlo a la direcci\u00f3n de correo electr\u00f3nico <a href=\"mailto:secretaria@escolameritxell.org\">secretaria@escolameritxell.org<\/a>, y se lo haremos llegar.[\/vc_column_text][\/vc_tta_section][vc_tta_section title=\u00bb\u00bfQu\u00e9 disponibilidad de plazas tiene la escuela actualmente?\u00bb tab_id=\u00bb1713536912929-51f7ee65-e7dd\u00bb][vc_column_text css=\u00bb\u00bb]Para conocer la disponibilidad de plazas en un curso concreto puede contactar directamente con la Secretar\u00eda de la escuela a trav\u00e9s de cualquiera de los siguientes medios:<\/p>\n<p>Correo electr\u00f3nico: enviando un correo a <a href=\"mailto:secretaria@escolameritxell.org\">secretaria@escolameritxell.org<\/a> con el curso de inter\u00e9s.<\/p>\n<p>Tel\u00e9fono: llamando directamente al tel\u00e9fono <a href=\"tel:937556550\">937556550<\/a>.[\/vc_column_text][\/vc_tta_section][vc_tta_section title=\u00bb\u00bfCu\u00e1les son las cuotas escolares de este curso?\u00bb tab_id=\u00bb1713537041339-68f82fd6-8f86&#8243;][vc_column_text css=\u00bb\u00bb]Agradecemos su inter\u00e9s en conocer las tarifas de los servicios que ofrecemos. En el enlace <a href=\"https:\/\/www.dropbox.com\/s\/78kzgsbvhghe4lr\/ResumQuotesCurs2023-24.pdf?dl=0\" target=\"_blank\" rel=\"noopener\">Informaci\u00f3n sobre Cuotas<\/a> encontrar\u00e1 informaci\u00f3n detallada sobre las cuotas de nuestra escuela. Adem\u00e1s, puede resultarle \u00fatil consultar nuestro <a href=\"https:\/\/www.fundaciomeritxell.cat\/es\/escuela\/\" target=\"_blank\" rel=\"noopener\">Proyecto Educativo de Centro (PEC)<\/a>, que incluye informaci\u00f3n relevante sobre nuestra filosof\u00eda educativa y su implementaci\u00f3n. Gracias por su consulta.[\/vc_column_text][\/vc_tta_section][vc_tta_section title=\u00bb\u00bfQu\u00e9 idiomas se utiliza en la escuela?\u00bb tab_id=\u00bb1713537438070-0bec5ca8-981d\u00bb][vc_column_text css=\u00bb\u00bb]Agradecemos su inter\u00e9s por conocer los idiomas que utilizamos en nuestra instituci\u00f3n educativa. Para una informaci\u00f3n completa sobre la pol\u00edtica ling\u00fc\u00edstica del centro, incluyendo los detalles de nuestro <a href=\"https:\/\/www.fundaciomeritxell.cat\/es\/escuela\/\" target=\"_blank\" rel=\"noopener\">Proyecto Educativo de Centro (PEC)<\/a>, le sugerimos visitar el enlace <a href=\"https:\/\/www.fundaciomeritxell.cat\/es\/escuela\/\" target=\"_blank\" rel=\"noopener\">Proyecto Educativo de Centro (PEC)<\/a>.<\/p>\n<p>Adem\u00e1s, si desea informaci\u00f3n espec\u00edfica sobre la ense\u00f1anza del ingl\u00e9s en nuestra escuela, puede consultar la secci\u00f3n dedicada al <a href=\"https:\/\/www.fundaciomeritxell.cat\/es\/el-ingles-en-la-escuela\/\" target=\"_blank\" rel=\"noopener\">Ingl\u00e9s en la Escuela<\/a>, donde encontrar\u00e1 un mayor detalle sobre los m\u00e9todos de ense\u00f1anza, los niveles que ofrecemos y las actividades espec\u00edficas que promovemos para fomentar el uso del ingl\u00e9s entre nuestros estudiantes.<\/p>\n<p>Esperamos que esta informaci\u00f3n le sea de gran utilidad y quedamos a su disposici\u00f3n para cualquier otra consulta o aclaraci\u00f3n que pueda necesitar.[\/vc_column_text][\/vc_tta_section][vc_tta_section title=\u00bb\u00bfD\u00f3nde puedo enviar mi curr\u00edculum para trabajar en la escuela?\u00bb tab_id=\u00bb1713537589923-b32dc23e-ee1c\u00bb][vc_column_text css=\u00bb\u00bb]Gracias por mostrar inter\u00e9s en formar parte de nuestro equipo. Si est\u00e1 buscando la oportunidad para unirse a nosotros, le recomendamos que rellene el formulario que encontrar\u00e1 en nuestra secci\u00f3n <a href=\"https:\/\/www.fundaciomeritxell.cat\/treballa-amb-nosaltres\/\" target=\"_blank\" rel=\"noopener\">Trabaja con Nosotros<\/a>.<\/p>\n<p>A trav\u00e9s de este formulario, podr\u00e1 enviarnos sus datos personales y profesionales. \u00c9sta es la manera m\u00e1s \u00e1gil y efectiva para entrar a formar parte de nuestra base de datos de candidatos. Si surgiera una oportunidad que encaje con su perfil, nos pondr\u00edamos en contacto con usted directamente.<\/p>\n<p>Agradeceremos que rellene el formulario con la informaci\u00f3n m\u00e1s relevante y lo m\u00e1s detallada posible. Buscamos profesionales cualificados y apasionados por la educaci\u00f3n. Para cualquier consulta adicional, no dude en contactarnos.[\/vc_column_text][\/vc_tta_section][\/vc_tta_accordion][\/vc_column][\/vc_row]<\/p>\n<\/div>","protected":false},"excerpt":{"rendered":"<p>[vc_row][vc_column][vc_tta_accordion active_section=\u00bb1&#8243; title=\u00bbPreguntas m\u00e1s frecuentes en la Escola Meritxell\u00bb][vc_tta_section title=\u00bb\u00bfQu\u00e9 proyecto educativo tiene la escuela?\u00bb tab_id=\u00bb1713535953478-6430e443-f5f9&#8243;][vc_column_text css=\u00bb\u00bb]Gracias por su inter\u00e9s en nuestro Proyecto Educativo de Centro (PEC). Nos complace poder ofrecerle una visi\u00f3n completa y detallada de nuestros objetivos educativos y metodolog\u00edas de trabajo. Podr\u00e1 consultar el documento completo clicando &hellip; <\/p>\n","protected":false},"author":1,"featured_media":0,"parent":0,"menu_order":0,"comment_status":"closed","ping_status":"closed","template":"","meta":{"rs_blank_template":"","rs_page_bg_color":"","slide_template_v7":"","footnotes":""},"class_list":["post-24568","page","type-page","status-publish","hentry"],"_links":{"self":[{"href":"https:\/\/www.fundaciomeritxell.cat\/es\/wp-json\/wp\/v2\/pages\/24568","targetHints":{"allow":["GET"]}}],"collection":[{"href":"https:\/\/www.fundaciomeritxell.cat\/es\/wp-json\/wp\/v2\/pages"}],"about":[{"href":"https:\/\/www.fundaciomeritxell.cat\/es\/wp-json\/wp\/v2\/types\/page"}],"author":[{"embeddable":true,"href":"https:\/\/www.fundaciomeritxell.cat\/es\/wp-json\/wp\/v2\/users\/1"}],"replies":[{"embeddable":true,"href":"https:\/\/www.fundaciomeritxell.cat\/es\/wp-json\/wp\/v2\/comments?post=24568"}],"version-history":[{"count":0,"href":"https:\/\/www.fundaciomeritxell.cat\/es\/wp-json\/wp\/v2\/pages\/24568\/revisions"}],"wp:attachment":[{"href":"https:\/\/www.fundaciomeritxell.cat\/es\/wp-json\/wp\/v2\/media?parent=24568"}],"curies":[{"name":"wp","href":"https:\/\/api.w.org\/{rel}","templated":true}]}}

<div class="wpb-content-wrapper"><p>[vc_row][vc_column][vc_tta_accordion active_section=»1&#8243; title=»Preguntas más frecuentes en la Escola Meritxell»][vc_tta_section title=»¿Qué proyecto educativo tiene la escuela?» tab_id=»1713535953478-6430e443-f5f9&#8243;][vc_column_text css=»»]Gracias por su interés en nuestro <a href="https://www.fundaciomeritxell.cat/es/escuela/" target="_blank" rel="noopener">Proyecto Educativo de Centro (PEC)</a>. Nos complace poder ofrecerle una visión completa y detallada de nuestros objetivos educativos y metodologías de trabajo. Podrá consultar el documento completo clicando en el enlace <a href="https://www.fundaciomeritxell.cat/es/escuela/" target="_blank" rel="noopener">Proyecto Educativo de Centro (PEC)</a> de nuestra página web.</p>
<p>Este documento incluye información esencial sobre nuestra filosofía educativa, los programas en curso y los compromisos éticos y sociales que promovemos en nuestra comunidad educativa. Alentamos a todos a hacer una lectura de este documento para comprender mejor cuál es nuestra metodología de trabajo para alcanzar la excelencia educativa y personal de nuestros alumnos.</p>
<p>Para cualquier consulta adicional o comentar aspectos específicos de nuestro proyecto, no dude en contactar con nosotros directamente. Estaremos encantados de resolver cualquier duda.[/vc_column_text][/vc_tta_section][vc_tta_section title=»¿Dónde puedo ver información sobre el proceso de admisión?» tab_id=»1713535953487-fb17add8-20a1&#8243;][vc_column_text css=»»]Gracias por su interés en el proceso de admisión en nuestro centro. Para estar al corriente de las últimas actualizaciones, incluyendo las fechas clave y las publicaciones de las listas de admitidos, le sugerimos que acceda al apartado <a href="https://www.fundaciomeritxell.cat/es/jornada-de-aulas-abiertas/" target="_blank" rel="noopener">Jornada de Aulas Abiertas</a> de nuestra página web, donde podrá consultar todas las novedades del proceso de admisión.[/vc_column_text][/vc_tta_section][vc_tta_section title=»¿Cómo puedo concertar una entrevista o visita a la escuela?» tab_id=»1713536447735-b6cee1d5-a313&#8243;][vc_column_text css=»»]Gracias por el interés en conocer nuestro centro y visitar nuestras instalaciones. Para concertar una entrevista, puede contactar directamente con la Secretaría de la escuela, a través de cualquiera de los siguientes medios:</p>
<p>Correo electrónico: enviando un correo a <a href="mailto:secretaria@escolameritxell.org">secretaria@escolameritxell.org</a> con los datos de contacto y preferencias de fechas y horarios.</p>
<p>Teléfono: llamando directamente al teléfono <a href="tel:937556550">937 556 550</a>. Nuestro personal de Secretaría le ayudará a encontrar una fecha que se adapte a su agenda.</p>
<p>Esperamos tener la ocasión de darle la bienvenida personalmente. No dude en contactarnos para cualquier duda o información adicional que pueda necesitar.[/vc_column_text][/vc_tta_section][vc_tta_section title=»¿Dónde puedo solicitar documentaciones?» tab_id=»1713536693092-8ba56bdd-abb4&#8243;][vc_column_text css=»»]En el enlace <a href="https://www.fundaciomeritxell.cat/tramits-en-linia/" target="_blank" rel="noopener">Trámites online</a> encontrará un buen número de documentos, en formato de descarga (en catalán) o solicitud, que le pueden ser de utilidad. En el supuesto de que no localice lo que necesita, siempre podrá pedirlo a la dirección de correo electrónico <a href="mailto:secretaria@escolameritxell.org">secretaria@escolameritxell.org</a>, y se lo haremos llegar.[/vc_column_text][/vc_tta_section][vc_tta_section title=»¿Qué disponibilidad de plazas tiene la escuela actualmente?» tab_id=»1713536912929-51f7ee65-e7dd»][vc_column_text css=»»]Para conocer la disponibilidad de plazas en un curso concreto puede contactar directamente con la Secretaría de la escuela a través de cualquiera de los siguientes medios:</p>
<p>Correo electrónico: enviando un correo a <a href="mailto:secretaria@escolameritxell.org">secretaria@escolameritxell.org</a> con el curso de interés.</p>
<p>Teléfono: llamando directamente al teléfono <a href="tel:937556550">937556550</a>.[/vc_column_text][/vc_tta_section][vc_tta_section title=»¿Cuáles son las cuotas escolares de este curso?» tab_id=»1713537041339-68f82fd6-8f86&#8243;][vc_column_text css=»»]Agradecemos su interés en conocer las tarifas de los servicios que ofrecemos. En el enlace <a href="https://www.dropbox.com/s/78kzgsbvhghe4lr/ResumQuotesCurs2023-24.pdf?dl=0" target="_blank" rel="noopener">Información sobre Cuotas</a> encontrará información detallada sobre las cuotas de nuestra escuela. Además, puede resultarle útil consultar nuestro <a href="https://www.fundaciomeritxell.cat/es/escuela/" target="_blank" rel="noopener">Proyecto Educativo de Centro (PEC)</a>, que incluye información relevante sobre nuestra filosofía educativa y su implementación. Gracias por su consulta.[/vc_column_text][/vc_tta_section][vc_tta_section title=»¿Qué idiomas se utiliza en la escuela?» tab_id=»1713537438070-0bec5ca8-981d»][vc_column_text css=»»]Agradecemos su interés por conocer los idiomas que utilizamos en nuestra institución educativa. Para una información completa sobre la política lingüística del centro, incluyendo los detalles de nuestro <a href="https://www.fundaciomeritxell.cat/es/escuela/" target="_blank" rel="noopener">Proyecto Educativo de Centro (PEC)</a>, le sugerimos visitar el enlace <a href="https://www.fundaciomeritxell.cat/es/escuela/" target="_blank" rel="noopener">Proyecto Educativo de Centro (PEC)</a>.</p>
<p>Además, si desea información específica sobre la enseñanza del inglés en nuestra escuela, puede consultar la sección dedicada al <a href="https://www.fundaciomeritxell.cat/es/el-ingles-en-la-escuela/" target="_blank" rel="noopener">Inglés en la Escuela</a>, donde encontrará un mayor detalle sobre los métodos de enseñanza, los niveles que ofrecemos y las actividades específicas que promovemos para fomentar el uso del inglés entre nuestros estudiantes.</p>
<p>Esperamos que esta información le sea de gran utilidad y quedamos a su disposición para cualquier otra consulta o aclaración que pueda necesitar.[/vc_column_text][/vc_tta_section][vc_tta_section title=»¿Dónde puedo enviar mi currículum para trabajar en la escuela?» tab_id=»1713537589923-b32dc23e-ee1c»][vc_column_text css=»»]Gracias por mostrar interés en formar parte de nuestro equipo. Si está buscando la oportunidad para unirse a nosotros, le recomendamos que rellene el formulario que encontrará en nuestra sección <a href="https://www.fundaciomeritxell.cat/treballa-amb-nosaltres/" target="_blank" rel="noopener">Trabaja con Nosotros</a>.</p>
<p>A través de este formulario, podrá enviarnos sus datos personales y profesionales. Ésta es la manera más ágil y efectiva para entrar a formar parte de nuestra base de datos de candidatos. Si surgiera una oportunidad que encaje con su perfil, nos pondríamos en contacto con usted directamente.</p>
<p>Agradeceremos que rellene el formulario con la información más relevante y lo más detallada posible. Buscamos profesionales cualificados y apasionados por la educación. Para cualquier consulta adicional, no dude en contactarnos.[/vc_column_text][/vc_tta_section][/vc_tta_accordion][/vc_column][/vc_row]</p>
</div>

<p>[vc_row][vc_column][vc_tta_accordion active_section=»1&#8243; title=»Preguntas más frecuentes en la Escola Meritxell»][vc_tta_section title=»¿Qué proyecto educativo tiene la escuela?» tab_id=»1713535953478-6430e443-f5f9&#8243;][vc_column_text css=»»]Gracias por su interés en nuestro Proyecto Educativo de Centro (PEC). Nos complace poder ofrecerle una visión completa y detallada de nuestros objetivos educativos y metodologías de trabajo. Podrá consultar el documento completo clicando &hellip; </p>
