{"id":16642,"date":"2021-03-23T11:22:59","date_gmt":"2021-03-23T09:22:59","guid":{"rendered":"https:\/\/www.fundaciomeritxell.cat\/?page_id=16642"},"modified":"2023-04-18T16:48:14","modified_gmt":"2023-04-18T14:48:14","slug":"alumni-escola-meritxell","status":"publish","type":"page","link":"https:\/\/www.fundaciomeritxell.cat\/es\/conocenos\/alumni-escola-meritxell\/","title":{"rendered":"Alumni Escola Meritxell"},"content":{"rendered":"<div class=\"wpb-content-wrapper\"><p>[vc_row][vc_column][vc_single_image image=\u00bb23015&#8243; img_size=\u00bbfull\u00bb][vc_column_text]La Escola Meritxell naci\u00f3 en el a\u00f1o 1969. As\u00ed que este 2019 celebramos nuestros primeros 50 a\u00f1os y queremos celebrarlo con una serie de actividades e iniciativas.<\/p>\n\n<p>Pero&nbsp;<strong>queremos que los protagonistas sean los alumnos que durante 50 a\u00f1os han dado sentido a colegio<\/strong> y esa es la raz\u00f3n que nos llevado a la creaci\u00f3n del  Alumni de la Escola Meritxell que tiene como principal objetivo mantener vivo el contacto entre el colegio y sus antiguos alumnos y de \u00e9stos entre si.<\/p>\n\n<p>Desde el mes de septiembre y durante todo el curos 2019-20 tenemos previstas muchas actividades dirigidas tanto a la propia celebraci\u00f3n com a fomentar el contacto y reencuentro de los antiguos alumnos. Para conseguirlo necesitamos recopilar los datos de contacto del m\u00e1ximo numero de ex alumnos posibles y por eso <strong>te pedimos que rellenes este formulario<\/strong> y, de este modo, te podremos avisar cada vez que organicemos una actividad de la escuela o de tu promoci\u00f3n.<\/p>\n\n<p>Puedes rellenar el formulario adjunto hasta llegar al final donde encontrar\u00e1s el bot\u00f3n de Enviar o, si te resulta m\u00e1s c\u00f3modo, tambi\u00e9n puedes <a rel=\"noreferrer noopener\" href=\"http:\/\/bit.ly\/AlumniMeritxell\" target=\"_blank\">puedes hacer clic aqu\u00ed<\/a> y se abrir\u00e1 una nueva ventana con el mismo formulario.<\/p>\n\n<p>Y, si corres la voz, \u00a1te lo agradeceremos!&nbsp;<\/p>\n\n\n<figure><iframe loading=\"lazy\" width=\"940px\" height=\"2000px\" src=\"https:\/\/forms.office.com\/Pages\/ResponsePage.aspx?id=g8s8PNgV9EyAgs6je8y1rNQiG33Bu4tBpuOZLemrTdZUREhOVFhTQ1Q5OVpHWjBLU0JVSTY2RjNYTi4u&amp;embed=true\" frameborder=\"20\" marginwidth=\"10\" marginheight=\"0\" style=\"border: none; max-width:100%; max-height:100%\" allowfullscreen=\"\" webkitallowfullscreen=\"\" mozallowfullscreen=\"\" msallowfullscreen=\"\"> <\/iframe><\/figure>\n\n<p><em>\u201cSegons el que es disposa a la LOPD, l\u2019informem que les dades personals seran tractades per l\u2019Escola Meritxell \u00fanicament per al desenvolupament de les funcions docents i orientadores pr\u00f2pies del Centre i\/o amb les finalitats administratives relacionades amb aquestes funcions, per a la qual cosa la persona interessada dona el seu consentiment expr\u00e9s.\u00a0 Podr\u00e0 accedir, rectificar o suprimir les dades, aix\u00ed com exercir els drets que s\u2019esmenten en la nostra Pol\u00edtica de Privadesa, mitjan\u00e7ant carta dirigida al nostre Centre, adjuntant fotoc\u00f2pia del seu DNI, al carrer d\u2019en Passet, 16 \u201cUrb. Can Quirze\u201d, C.P. 08304, de\u00a0 Matar\u00f3. Per a m\u00e9s informaci\u00f3, consulteu la Pol\u00edtica de Privadesa que trobareu a la nostra p\u00e0gina web\u00a0<a href=\"https:\/\/www.fundaciomeritxell.cat\/\">www.fundaciomeritxell.cat<\/a>.\u201d<\/em><\/p>\n\n\n<div style=\"height:35px\" aria-hidden=\"true\" class=\"wp-block-spacer\"><\/div>\n\n\n<h4 class=\"wp-block-heading\">Si quieres que seamos muchos, por favor, <strong>\u00a1comparte esta p\u00e1gina en las redes sociales!<\/strong><\/h4>\n\n\n<div style=\"height:35px\" aria-hidden=\"true\" class=\"wp-block-spacer\"><\/div>\n<p>[\/vc_column_text][\/vc_column][\/vc_row]<\/p>\n<\/div>","protected":false},"excerpt":{"rendered":"<p>[vc_row][vc_column][vc_single_image image=\u00bb23015&#8243; img_size=\u00bbfull\u00bb][vc_column_text]La Escola Meritxell naci\u00f3 en el a\u00f1o 1969. As\u00ed que este 2019 celebramos nuestros primeros 50 a\u00f1os y queremos celebrarlo con una serie de actividades e iniciativas. Pero&nbsp;queremos que los protagonistas sean los alumnos que durante 50 a\u00f1os han dado sentido a colegio y esa es la raz\u00f3n &hellip; <\/p>\n","protected":false},"author":2,"featured_media":23015,"parent":16722,"menu_order":0,"comment_status":"closed","ping_status":"closed","template":"","meta":{"rs_blank_template":"","rs_page_bg_color":"","slide_template_v7":"","footnotes":""},"class_list":["post-16642","page","type-page","status-publish","has-post-thumbnail","hentry"],"_links":{"self":[{"href":"https:\/\/www.fundaciomeritxell.cat\/es\/wp-json\/wp\/v2\/pages\/16642","targetHints":{"allow":["GET"]}}],"collection":[{"href":"https:\/\/www.fundaciomeritxell.cat\/es\/wp-json\/wp\/v2\/pages"}],"about":[{"href":"https:\/\/www.fundaciomeritxell.cat\/es\/wp-json\/wp\/v2\/types\/page"}],"author":[{"embeddable":true,"href":"https:\/\/www.fundaciomeritxell.cat\/es\/wp-json\/wp\/v2\/users\/2"}],"replies":[{"embeddable":true,"href":"https:\/\/www.fundaciomeritxell.cat\/es\/wp-json\/wp\/v2\/comments?post=16642"}],"version-history":[{"count":0,"href":"https:\/\/www.fundaciomeritxell.cat\/es\/wp-json\/wp\/v2\/pages\/16642\/revisions"}],"up":[{"embeddable":true,"href":"https:\/\/www.fundaciomeritxell.cat\/es\/wp-json\/wp\/v2\/pages\/16722"}],"wp:featuredmedia":[{"embeddable":true,"href":"https:\/\/www.fundaciomeritxell.cat\/es\/wp-json\/wp\/v2\/media\/23015"}],"wp:attachment":[{"href":"https:\/\/www.fundaciomeritxell.cat\/es\/wp-json\/wp\/v2\/media?parent=16642"}],"curies":[{"name":"wp","href":"https:\/\/api.w.org\/{rel}","templated":true}]}}

<div class="wpb-content-wrapper"><p>[vc_row][vc_column][vc_single_image image=»23015&#8243; img_size=»full»][vc_column_text]La Escola Meritxell nació en el año 1969. Así que este 2019 celebramos nuestros primeros 50 años y queremos celebrarlo con una serie de actividades e iniciativas.</p>

<p>Pero&nbsp;<strong>queremos que los protagonistas sean los alumnos que durante 50 años han dado sentido a colegio</strong> y esa es la razón que nos llevado a la creación del  Alumni de la Escola Meritxell que tiene como principal objetivo mantener vivo el contacto entre el colegio y sus antiguos alumnos y de éstos entre si.</p>

<p>Desde el mes de septiembre y durante todo el curos 2019-20 tenemos previstas muchas actividades dirigidas tanto a la propia celebración com a fomentar el contacto y reencuentro de los antiguos alumnos. Para conseguirlo necesitamos recopilar los datos de contacto del máximo numero de ex alumnos posibles y por eso <strong>te pedimos que rellenes este formulario</strong> y, de este modo, te podremos avisar cada vez que organicemos una actividad de la escuela o de tu promoción.</p>

<p>Puedes rellenar el formulario adjunto hasta llegar al final donde encontrarás el botón de Enviar o, si te resulta más cómodo, también puedes <a rel="noreferrer noopener" href="http://bit.ly/AlumniMeritxell" target="_blank">puedes hacer clic aquí</a> y se abrirá una nueva ventana con el mismo formulario.</p>

<p>Y, si corres la voz, ¡te lo agradeceremos!&nbsp;</p>


<figure><iframe loading="lazy" width="940px" height="2000px" src="https://forms.office.com/Pages/ResponsePage.aspx?id=g8s8PNgV9EyAgs6je8y1rNQiG33Bu4tBpuOZLemrTdZUREhOVFhTQ1Q5OVpHWjBLU0JVSTY2RjNYTi4u&amp;embed=true" frameborder="20" marginwidth="10" marginheight="0" style="border: none; max-width:100%; max-height:100%" allowfullscreen="" webkitallowfullscreen="" mozallowfullscreen="" msallowfullscreen=""> </iframe></figure>

<p><em>“Segons el que es disposa a la LOPD, l’informem que les dades personals seran tractades per l’Escola Meritxell únicament per al desenvolupament de les funcions docents i orientadores pròpies del Centre i/o amb les finalitats administratives relacionades amb aquestes funcions, per a la qual cosa la persona interessada dona el seu consentiment exprés.  Podrà accedir, rectificar o suprimir les dades, així com exercir els drets que s’esmenten en la nostra Política de Privadesa, mitjançant carta dirigida al nostre Centre, adjuntant fotocòpia del seu DNI, al carrer d’en Passet, 16 “Urb. Can Quirze”, C.P. 08304, de  Mataró. Per a més informació, consulteu la Política de Privadesa que trobareu a la nostra pàgina web <a href="https://www.fundaciomeritxell.cat/">www.fundaciomeritxell.cat</a>.”</em></p>


<div style="height:35px" aria-hidden="true" class="wp-block-spacer"></div>


<h4 class="wp-block-heading">Si quieres que seamos muchos, por favor, <strong>¡comparte esta página en las redes sociales!</strong></h4>


<div style="height:35px" aria-hidden="true" class="wp-block-spacer"></div>
<p>[/vc_column_text][/vc_column][/vc_row]</p>
</div>

<p>[vc_row][vc_column][vc_single_image image=»23015&#8243; img_size=»full»][vc_column_text]La Escola Meritxell nació en el año 1969. Así que este 2019 celebramos nuestros primeros 50 años y queremos celebrarlo con una serie de actividades e iniciativas. Pero&nbsp;queremos que los protagonistas sean los alumnos que durante 50 años han dado sentido a colegio y esa es la razón &hellip; </p>
