{"id":16609,"date":"2021-03-23T10:39:30","date_gmt":"2021-03-23T08:39:30","guid":{"rendered":"https:\/\/www.fundaciomeritxell.cat\/?page_id=16609"},"modified":"2025-07-16T12:41:57","modified_gmt":"2025-07-16T10:41:57","slug":"amypa","status":"publish","type":"page","link":"https:\/\/www.fundaciomeritxell.cat\/es\/amypa\/","title":{"rendered":"AMyPA"},"content":{"rendered":"\n<h2 class=\"wp-block-heading\">Presentaci\u00f3n<\/h2>\n\n\n\n<p>Bienvenidos a la p\u00e1gina Web de la Asociaci\u00f3n de Madres y Padres de Alumnos (AMIPA) de la Escuela Meritxell.<\/p>\n\n\n\n<p>Aqu\u00ed encontrar\u00e9is informaci\u00f3n sobre esta asociaci\u00f3n: sus funciones, la estructura de la Junta Directiva y su participaci\u00f3n en los \u00f3rganos rectores de la escuela, las diferentes comisiones de trabajo que se han creado para favorecer la vida escolar, la Red de Delegados de Curso y el Fondo Solidario.<\/p>\n\n\n\n<p>Pero esta p\u00e1gina no pretende ser solo un nuevo canal de informaci\u00f3n, sino que os animamos a que colabor\u00e9is activamente en la Asociaci\u00f3n. Queremos que este espacio se convierta en un nuevo canal de participaci\u00f3n, una comunicaci\u00f3n directa, que permita una relaci\u00f3n continua entre todos los miembros de esta comunidad educativa.<\/p>\n\n\n\n<h2 class=\"wp-block-heading\">Funciones de AMIPA<\/h2>\n\n\n\n<p>Los objetivos y funciones de AMIPA se recogen en el art\u00edculo 2 de sus estatutos. .Fundamentalmente se concretan en los siguientes puntos:<\/p>\n\n\n\n<p>1.- Dar soporte y asistencia a las madres, padres o tutores, profesores, alumnos y \u00f3rganos de gobierno y participaci\u00f3n en todos los aspectos que hagan referencia a la educaci\u00f3n de los alumnos matriculados en la Escuela.<\/p>\n\n\n\n<p>2.- Promover la representaci\u00f3n y participaci\u00f3n de las madres, padres y tutores en los \u00e1mbitos y \u00f3rganos definidos en los estatutos.<\/p>\n\n\n\n<p>3.- Cooperar en la consecuci\u00f3n de los objetivos de la Fundaci\u00f3n Meritxell, entidad titular de la Escuela Meritxell.<\/p>\n\n\n\n<p>4.- Facilitar la colaboraci\u00f3n de la Escuela en los \u00e1mbitos social, cultural, econ\u00f3mico y laboral del entorno.<\/p>\n\n\n\n<h2 class=\"wp-block-heading\">Red de delegados de curso<\/h2>\n\n\n\n<p>La figura de Delegado de Curso nace de la necesidad de hacer m\u00e1s fluida la comunicaci\u00f3n entre las familias, AMIPA y la Escuela.<\/p>\n\n\n\n<p>Al inicio del curso escolar las familias eligen, entre las madres y padres o tutores de cada curso, dos representantes, para que sean el hilo conductor en la comunicaci\u00f3n entre familias, AMIPA y los diferentes interlocutores de la Escuela.<\/p>\n\n\n\n<p>En la Junta Directiva de AMIPA se escoge, para cada una de las diferentes etapas educativas, un coordinador\/a de la Red de Delegados de Curso, que hace de enlace entre los Delegados\/as y la propia Junta.<\/p>\n\n\n\n<h2 class=\"wp-block-heading\"><a href=\"https:\/\/www.dropbox.com\/scl\/fi\/oyuimsons1ffnyidywyge\/Estatuts-AMIPA.pdf?rlkey=x9t2anvfgzuh1h76s91yv35t0&amp;st=37p1es1w&amp;dl=0\" target=\"_blank\" rel=\"noopener\">Etatutos AMYPA<\/a><\/h2>\n\n\n\n<p><\/p>\n","protected":false},"excerpt":{"rendered":"<p>Presentaci\u00f3n Bienvenidos a la p\u00e1gina Web de la Asociaci\u00f3n de Madres y Padres de Alumnos (AMIPA) de la Escuela Meritxell. Aqu\u00ed encontrar\u00e9is informaci\u00f3n sobre esta asociaci\u00f3n: sus funciones, la estructura de la Junta Directiva y su participaci\u00f3n en los \u00f3rganos rectores de la escuela, las diferentes comisiones de trabajo que &hellip; <\/p>\n","protected":false},"author":2,"featured_media":0,"parent":0,"menu_order":0,"comment_status":"closed","ping_status":"closed","template":"","meta":{"rs_blank_template":"","rs_page_bg_color":"","slide_template_v7":"","footnotes":""},"class_list":["post-16609","page","type-page","status-publish","hentry"],"_links":{"self":[{"href":"https:\/\/www.fundaciomeritxell.cat\/es\/wp-json\/wp\/v2\/pages\/16609","targetHints":{"allow":["GET"]}}],"collection":[{"href":"https:\/\/www.fundaciomeritxell.cat\/es\/wp-json\/wp\/v2\/pages"}],"about":[{"href":"https:\/\/www.fundaciomeritxell.cat\/es\/wp-json\/wp\/v2\/types\/page"}],"author":[{"embeddable":true,"href":"https:\/\/www.fundaciomeritxell.cat\/es\/wp-json\/wp\/v2\/users\/2"}],"replies":[{"embeddable":true,"href":"https:\/\/www.fundaciomeritxell.cat\/es\/wp-json\/wp\/v2\/comments?post=16609"}],"version-history":[{"count":0,"href":"https:\/\/www.fundaciomeritxell.cat\/es\/wp-json\/wp\/v2\/pages\/16609\/revisions"}],"wp:attachment":[{"href":"https:\/\/www.fundaciomeritxell.cat\/es\/wp-json\/wp\/v2\/media?parent=16609"}],"curies":[{"name":"wp","href":"https:\/\/api.w.org\/{rel}","templated":true}]}}

<h2 class="wp-block-heading">Presentación</h2>



<p>Bienvenidos a la página Web de la Asociación de Madres y Padres de Alumnos (AMIPA) de la Escuela Meritxell.</p>



<p>Aquí encontraréis información sobre esta asociación: sus funciones, la estructura de la Junta Directiva y su participación en los órganos rectores de la escuela, las diferentes comisiones de trabajo que se han creado para favorecer la vida escolar, la Red de Delegados de Curso y el Fondo Solidario.</p>



<p>Pero esta página no pretende ser solo un nuevo canal de información, sino que os animamos a que colaboréis activamente en la Asociación. Queremos que este espacio se convierta en un nuevo canal de participación, una comunicación directa, que permita una relación continua entre todos los miembros de esta comunidad educativa.</p>



<h2 class="wp-block-heading">Funciones de AMIPA</h2>



<p>Los objetivos y funciones de AMIPA se recogen en el artículo 2 de sus estatutos. .Fundamentalmente se concretan en los siguientes puntos:</p>



<p>1.- Dar soporte y asistencia a las madres, padres o tutores, profesores, alumnos y órganos de gobierno y participación en todos los aspectos que hagan referencia a la educación de los alumnos matriculados en la Escuela.</p>



<p>2.- Promover la representación y participación de las madres, padres y tutores en los ámbitos y órganos definidos en los estatutos.</p>



<p>3.- Cooperar en la consecución de los objetivos de la Fundación Meritxell, entidad titular de la Escuela Meritxell.</p>



<p>4.- Facilitar la colaboración de la Escuela en los ámbitos social, cultural, económico y laboral del entorno.</p>



<h2 class="wp-block-heading">Red de delegados de curso</h2>



<p>La figura de Delegado de Curso nace de la necesidad de hacer más fluida la comunicación entre las familias, AMIPA y la Escuela.</p>



<p>Al inicio del curso escolar las familias eligen, entre las madres y padres o tutores de cada curso, dos representantes, para que sean el hilo conductor en la comunicación entre familias, AMIPA y los diferentes interlocutores de la Escuela.</p>



<p>En la Junta Directiva de AMIPA se escoge, para cada una de las diferentes etapas educativas, un coordinador/a de la Red de Delegados de Curso, que hace de enlace entre los Delegados/as y la propia Junta.</p>



<h2 class="wp-block-heading"><a href="https://www.dropbox.com/scl/fi/oyuimsons1ffnyidywyge/Estatuts-AMIPA.pdf?rlkey=x9t2anvfgzuh1h76s91yv35t0&amp;st=37p1es1w&amp;dl=0" target="_blank" rel="noopener">Etatutos AMYPA</a></h2>



<p></p>

<p>Presentación Bienvenidos a la página Web de la Asociación de Madres y Padres de Alumnos (AMIPA) de la Escuela Meritxell. Aquí encontraréis información sobre esta asociación: sus funciones, la estructura de la Junta Directiva y su participación en los órganos rectores de la escuela, las diferentes comisiones de trabajo que &hellip; </p>
