{"id":16576,"date":"2015-03-13T10:31:06","date_gmt":"2015-03-13T09:31:06","guid":{"rendered":"https:\/\/www.fundaciomeritxell.cat\/?page_id=16576"},"modified":"2025-12-12T17:58:53","modified_gmt":"2025-12-12T15:58:53","slug":"transporte","status":"publish","type":"page","link":"https:\/\/www.fundaciomeritxell.cat\/es\/transporte\/","title":{"rendered":"TRANSPORTE"},"content":{"rendered":"<div class=\"wpb-content-wrapper\"><p>[vc_row][vc_column][vc_column_text css=\u00bb\u00bb]<\/p>\n<div class=\"textos_interior\">\n<p>La escuela ofrece servicio de transporte escolar, por la ma\u00f1ana y por la tarde, para todas aquellas familias que puedan estar interesadas.<\/p>\n<p>El servicio cubre, en sus diferentes itinerarios, gran parte de las poblaciones de Maresme Norte y Sur, desde Pineda hasta El Masnou.<\/p>\n<p>Haz clic <a href=\"https:\/\/www.dropbox.com\/scl\/fi\/0xf4xaqth2ea0dqz7leed\/ParadesBus-2026.pdf?rlkey=d6fns5c66xz2jczldpmat60b0&amp;st=byi5dosd&amp;dl=0\" target=\"_blank\" rel=\"noopener\">aqu\u00ed<\/a> para ver las paradas y los horarios.<\/p>\n<p>&nbsp;<\/p>\n<\/div>\n<p>[\/vc_column_text][\/vc_column][\/vc_row][vc_row][vc_column][vc_single_image image=\u00bb25616&#8243; img_size=\u00bbfull\u00bb css=\u00bb\u00bb][\/vc_column][\/vc_row][vc_row][vc_column][vc_column_text]Para m\u00e1s informaci\u00f3n puede contactar con la secretar\u00eda del centro (<a href=\"mailto:secretaria@escolameritxell.org\">secretaria@escolameritxell.org<\/a>).[\/vc_column_text][\/vc_column][\/vc_row]<\/p>\n<\/div>","protected":false},"excerpt":{"rendered":"<p>[vc_row][vc_column][vc_column_text css=\u00bb\u00bb] La escuela ofrece servicio de transporte escolar, por la ma\u00f1ana y por la tarde, para todas aquellas familias que puedan estar interesadas. El servicio cubre, en sus diferentes itinerarios, gran parte de las poblaciones de Maresme Norte y Sur, desde Pineda hasta El Masnou. Haz clic aqu\u00ed para &hellip; <\/p>\n","protected":false},"author":2,"featured_media":0,"parent":0,"menu_order":0,"comment_status":"closed","ping_status":"closed","template":"","meta":{"rs_blank_template":"","rs_page_bg_color":"","slide_template_v7":"","footnotes":""},"class_list":["post-16576","page","type-page","status-publish","hentry"],"_links":{"self":[{"href":"https:\/\/www.fundaciomeritxell.cat\/es\/wp-json\/wp\/v2\/pages\/16576","targetHints":{"allow":["GET"]}}],"collection":[{"href":"https:\/\/www.fundaciomeritxell.cat\/es\/wp-json\/wp\/v2\/pages"}],"about":[{"href":"https:\/\/www.fundaciomeritxell.cat\/es\/wp-json\/wp\/v2\/types\/page"}],"author":[{"embeddable":true,"href":"https:\/\/www.fundaciomeritxell.cat\/es\/wp-json\/wp\/v2\/users\/2"}],"replies":[{"embeddable":true,"href":"https:\/\/www.fundaciomeritxell.cat\/es\/wp-json\/wp\/v2\/comments?post=16576"}],"version-history":[{"count":1,"href":"https:\/\/www.fundaciomeritxell.cat\/es\/wp-json\/wp\/v2\/pages\/16576\/revisions"}],"predecessor-version":[{"id":25935,"href":"https:\/\/www.fundaciomeritxell.cat\/es\/wp-json\/wp\/v2\/pages\/16576\/revisions\/25935"}],"wp:attachment":[{"href":"https:\/\/www.fundaciomeritxell.cat\/es\/wp-json\/wp\/v2\/media?parent=16576"}],"curies":[{"name":"wp","href":"https:\/\/api.w.org\/{rel}","templated":true}]}}

<div class="wpb-content-wrapper"><p>[vc_row][vc_column][vc_column_text css=»»]</p>
<div class="textos_interior">
<p>La escuela ofrece servicio de transporte escolar, por la mañana y por la tarde, para todas aquellas familias que puedan estar interesadas.</p>
<p>El servicio cubre, en sus diferentes itinerarios, gran parte de las poblaciones de Maresme Norte y Sur, desde Pineda hasta El Masnou.</p>
<p>Haz clic <a href="https://www.dropbox.com/scl/fi/0xf4xaqth2ea0dqz7leed/ParadesBus-2026.pdf?rlkey=d6fns5c66xz2jczldpmat60b0&amp;st=byi5dosd&amp;dl=0" target="_blank" rel="noopener">aquí</a> para ver las paradas y los horarios.</p>
<p>&nbsp;</p>
</div>
<p>[/vc_column_text][/vc_column][/vc_row][vc_row][vc_column][vc_single_image image=»25616&#8243; img_size=»full» css=»»][/vc_column][/vc_row][vc_row][vc_column][vc_column_text]Para más información puede contactar con la secretaría del centro (<a href="mailto:secretaria@escolameritxell.org">secretaria@escolameritxell.org</a>).[/vc_column_text][/vc_column][/vc_row]</p>
</div>

<p>[vc_row][vc_column][vc_column_text css=»»] La escuela ofrece servicio de transporte escolar, por la mañana y por la tarde, para todas aquellas familias que puedan estar interesadas. El servicio cubre, en sus diferentes itinerarios, gran parte de las poblaciones de Maresme Norte y Sur, desde Pineda hasta El Masnou. Haz clic aquí para &hellip; </p>
