{"id":16394,"date":"2021-03-17T18:20:38","date_gmt":"2021-03-17T16:20:38","guid":{"rendered":"https:\/\/www.fundaciomeritxell.cat\/?page_id=16394"},"modified":"2026-03-20T12:31:30","modified_gmt":"2026-03-20T10:31:30","slug":"secundaria-2","status":"publish","type":"page","link":"https:\/\/www.fundaciomeritxell.cat\/es\/secundaria-2\/","title":{"rendered":"ESO"},"content":{"rendered":"<div class=\"wpb-content-wrapper\"><p>[vc_row][vc_column][vc_single_image image=\u00bb26270&#8243; img_size=\u00bbfull\u00bb alignment=\u00bbcenter\u00bb css=\u00bb\u00bb][\/vc_column][\/vc_row][vc_row][vc_column][vc_column_text css=\u00bb\u00bb]<\/p>\r\n<!-- \/wp:post-content -->\r\n<p><!-- wp:paragraph -->El objetivo en la etapa de Educaci\u00f3n Secundaria Obligatoria es conseguir que los chicos y las chicas adquieran las herramientas para entender el mundo y se conviertan en personas capaces de intervenir activa y cr\u00edticamente en la sociedad plural, diversa y en continuo cambio que les ha tocado vivir.<\/p>\r\n<p><!-- \/wp:paragraph -->\u00a0<\/p>\r\n<!-- wp:image {\"align\":\"left\",\"id\":10869,\"width\":490,\"height\":244,\"linkDestination\":\"custom\"} -->\r\n<figure class=\"wp-block-image alignleft is-resized\"><a href=\"https:\/\/www.fundaciomeritxell.cat\/wp-content\/uploads\/2018\/07\/ESO-Escola-Meritxell-Mataro-Presentacions.jpg\" target=\"_blank\" rel=\"noreferrer noopener\"><img loading=\"lazy\" decoding=\"async\" width=\"900\" height=\"449\" class=\"wp-image-10869\" style=\"width: 490px; height: 244px;\" src=\"https:\/\/www.fundaciomeritxell.cat\/wp-content\/uploads\/2018\/07\/ESO-Escola-Meritxell-Mataro-Presentacions.jpg\" alt=\"Classe d&#039;ESO de l&#039;Escola Meritxell de Matar\u00f3\" title=\"\" srcset=\"https:\/\/www.fundaciomeritxell.cat\/wp-content\/uploads\/2018\/07\/ESO-Escola-Meritxell-Mataro-Presentacions.jpg 900w, https:\/\/www.fundaciomeritxell.cat\/wp-content\/uploads\/2018\/07\/ESO-Escola-Meritxell-Mataro-Presentacions-600x299.jpg 600w, https:\/\/www.fundaciomeritxell.cat\/wp-content\/uploads\/2018\/07\/ESO-Escola-Meritxell-Mataro-Presentacions-300x150.jpg 300w, https:\/\/www.fundaciomeritxell.cat\/wp-content\/uploads\/2018\/07\/ESO-Escola-Meritxell-Mataro-Presentacions-768x383.jpg 768w\" sizes=\"auto, (max-width: 900px) 100vw, 900px\" \/><\/a><\/figure>\r\n<!-- \/wp:image -->\r\n<p><!-- wp:paragraph -->Durante la ESO se consolidan los aprendizajes con una metodolog\u00eda basada en <strong>el aprendizaje cooperativo y competencial<\/strong>, en la que el alumnado puede desarrollar su <strong>autonom\u00eda personal<\/strong>.<\/p>\r\n<!-- \/wp:paragraph -->\r\n<p><!-- wp:paragraph -->Esta etapa acad\u00e9mica coincide con una etapa vital como es la adolescencia, esto nos lleva a dar mucha importancia a la acci\u00f3n tutorial. Se trabaja con los alumnos, familias y resto de docentes para asesorar en el proceso de aprendizaje y se facilita una educaci\u00f3n en valores para que el alumno adquiera las capacidades que le permitir\u00e1n convivir en la sociedad.<\/p>\r\n<p><!-- \/wp:paragraph -->\u00a0<\/p>\r\n<!-- wp:image {\"align\":\"right\",\"id\":10871,\"width\":300,\"height\":435,\"linkDestination\":\"custom\"} -->\r\n<figure class=\"wp-block-image alignright is-resized\"><a href=\"https:\/\/www.fundaciomeritxell.cat\/wp-content\/uploads\/2018\/07\/ESO-Escola-Meritxell-Mataro-Electronica.jpg\" target=\"_blank\" rel=\"noreferrer noopener\"><img loading=\"lazy\" decoding=\"async\" width=\"600\" height=\"870\" class=\"wp-image-10871\" style=\"width: 300px; height: 435px;\" src=\"https:\/\/www.fundaciomeritxell.cat\/wp-content\/uploads\/2018\/07\/ESO-Escola-Meritxell-Mataro-Electronica.jpg\" alt=\"Electr\u00f2nica a la classe d&#039;ESO de l&#039;Escola Meritxell de Matar\u00f3\" title=\"\" srcset=\"https:\/\/www.fundaciomeritxell.cat\/wp-content\/uploads\/2018\/07\/ESO-Escola-Meritxell-Mataro-Electronica.jpg 600w, https:\/\/www.fundaciomeritxell.cat\/wp-content\/uploads\/2018\/07\/ESO-Escola-Meritxell-Mataro-Electronica-207x300.jpg 207w\" sizes=\"auto, (max-width: 600px) 100vw, 600px\" \/><\/a><\/figure>\r\n<!-- \/wp:image -->\r\n<p><!-- wp:paragraph -->La escuela dispone de doble l\u00ednea en todos los cursos que se imparten. En Educaci\u00f3n Secundaria Obligatoria, la ratio es de 30 alumnos por clase, pero para potenciar la atenci\u00f3n individual del alumno, las materias instrumentales (matem\u00e1ticas, catal\u00e1n, castellano e <a href=\"https:\/\/www.fundaciomeritxell.cat\/es\/el-ingles-en-la-escuela\/\" target=\"_blank\" rel=\"noreferrer noopener\">ingl\u00e9s<\/a>) y la tutor\u00eda siempre se organizan en grupos m\u00e1s reducidos que el grupo-clase.<\/p>\r\n<!-- \/wp:paragraph -->\r\n<p><!-- wp:paragraph -->El horario de clase es de las 9:00h de la ma\u00f1ana a las 14:00h y de las 15:00h a las 17:00h. Los alumnos de 1\u00ba y 2\u00ba ESO finalizan dos d\u00edas las clases de la ma\u00f1ana a las 13:00. Los de 3\u00ba y 4\u00ba de ESO disponen de una tarde libre. En total, se realizan 33 horas lectivas semanales.<\/p>\r\n<!-- \/wp:paragraph -->\r\n<p><!-- wp:paragraph -->Y, dentro de nuestro <a href=\"https:\/\/www.fundaciomeritxell.cat\/es\/el-ingles-en-la-escuela\/\" target=\"_blank\" rel=\"noreferrer noopener\">modelo de ense\u00f1anza del ingl\u00e9s<\/a>, ofrecemos el <em>Speaking Workshop<\/em>, conde los alumnos disfrutan quincenalmente de 30 minutos de conversaci\u00f3n en ingl\u00e9s con profesora nativa en grupos no superiores a los 5 alumnos dentro del horario lectivo.<\/p>\r\n<!-- \/wp:paragraph -->\r\n<p><!-- wp:paragraph -->Asimismo, tambi\u00e9n se ofrecen servicios de <a href=\"https:\/\/www.fundaciomeritxell.cat\/es\/doip\/\" target=\"_blank\" rel=\"noreferrer noopener\">orientaci\u00f3n e intervenci\u00f3n psicopedag\u00f3gica<\/a>,de <a href=\"https:\/\/www.fundaciomeritxell.cat\/es\/acogida\/\" target=\"_blank\" rel=\"noreferrer noopener\">acogida<\/a> por la ma\u00f1ana y por la tarde, de <a href=\"https:\/\/www.fundaciomeritxell.cat\/es\/transporte\/\" target=\"_blank\" rel=\"noreferrer noopener\">transporte escolar<\/a>, de <a href=\"https:\/\/www.fundaciomeritxell.cat\/es\/comedor\/\" target=\"_blank\" rel=\"noreferrer noopener\">comedor<\/a> y <a href=\"https:\/\/www.fundaciomeritxell.cat\/es\/monitores-2\/\" target=\"_blank\" rel=\"noreferrer noopener\">monitorizaci\u00f3n<\/a>, de actividades extraescolares \u00a0y de <a href=\"https:\/\/www.fundaciomeritxell.cat\/es\/cic-idiomes\/\" target=\"_blank\" rel=\"noreferrer noopener\">escuela de idiomas propia<\/a>. Haced clic sobre el servicio o ver el apartado \u00bb Servicios\u00bb de esta web.<\/p>\r\n<p><!-- \/wp:paragraph -->\u00a0<\/p>\r\n<!-- wp:separator {\"opacity\":\"css\"} --><hr class=\"wp-block-separator has-css-opacity\" \/>\r\n<p><!-- \/wp:separator -->\u00a0<\/p>\r\n<!-- wp:heading -->\r\n<h2 class=\"wp-block-heading\">Diploma Dual de la American High School<\/h2>\r\n<p><!-- \/wp:heading -->\u00a0<\/p>\r\n<!-- wp:image {\"id\":9837,\"linkDestination\":\"custom\",\"align\":\"left\"} -->\r\n<figure class=\"wp-block-image alignleft\"><a href=\"https:\/\/www.fundaciomeritxell.cat\/wp-content\/uploads\/2017\/06\/logo-Academica-black-250x76-1.jpeg\"><img loading=\"lazy\" decoding=\"async\" width=\"250\" height=\"76\" class=\"wp-image-9837\" src=\"https:\/\/www.fundaciomeritxell.cat\/wp-content\/uploads\/2017\/06\/logo-Academica-black-250x76-1.jpeg\" alt=\"Diploma Dual de l\u2019American High School i l&#039;Escola Meritxell\" title=\"\"><\/a><\/figure>\r\n<!-- \/wp:image -->\r\n<p><!-- wp:paragraph -->Con el objetivo de preparar a nuestros alumnos para un mundo m\u00e1s abierto y multicultural, ofrecemos, durante la ESO y desde el curso 2017-2018, el <a href=\"https:\/\/www.academica.school\/files\/Guia-Rapida-ACADEMICA_CAST.pdf\" target=\"_blank\" rel=\"noreferrer noopener\">Diploma Dual de la American High School<\/a>, que posibilita la obtenci\u00f3n de una doble titulaci\u00f3n a la finalizaci\u00f3n del Bachillerato. Se trata de un programa interdisciplinario que enfatiza la inmersi\u00f3n educativa en ingl\u00e9s, la capacitaci\u00f3n tecnol\u00f3gica y el desarrollo personal del alumno. La titulaci\u00f3n que se obtiene a la finalizaci\u00f3n del programa es la misma que la de los estudiantes norteamericanos, tiene validez en todos los estados de EE.UU. y es reconocida y muy valorada por todas sus universidades. Actualmente\u00a0<a href=\"https:\/\/www.academica.school\/los300mejores\" target=\"_blank\" rel=\"noreferrer noopener\">m\u00e1s de 300 escuelas de entre las mejores del estado<\/a>\u00a0ya ofrecen esta titulaci\u00f3n. Si est\u00e1n interesados, solic\u00edtenos informaci\u00f3n a secretaria@escolameritxell.org.<\/p>\r\n<p><!-- \/wp:paragraph -->\u00a0<\/p>\r\n<!-- wp:heading {\"textAlign\":\"center\"} -->\r\n<h2 class=\"wp-block-heading has-text-align-center\">Si quer\u00e9is conocer mejor nuestro modelo educativo pod\u00e9is consultar nuestro\u00a0<a href=\"https:\/\/www.fundaciomeritxell.cat\/es\/escuela\/\" target=\"_blank\" rel=\"noreferrer noopener\">Proyecto Educativo de Centro<\/a>.<\/h2>\r\n<p><!-- \/wp:heading -->[\/vc_column_text][\/vc_column][\/vc_row]<\/p><\/div>","protected":false},"excerpt":{"rendered":"<p>[vc_row][vc_column][vc_single_image image=\u00bb26270&#8243; img_size=\u00bbfull\u00bb alignment=\u00bbcenter\u00bb css=\u00bb\u00bb][\/vc_column][\/vc_row][vc_row][vc_column][vc_column_text css=\u00bb\u00bb] El objetivo en la etapa de Educaci\u00f3n Secundaria Obligatoria es conseguir que los chicos y las chicas adquieran las herramientas para entender el mundo y se conviertan en personas capaces de intervenir activa y cr\u00edticamente en la sociedad plural, diversa y en continuo cambio &hellip; <\/p>\n","protected":false},"author":2,"featured_media":0,"parent":0,"menu_order":0,"comment_status":"closed","ping_status":"closed","template":"","meta":{"rs_blank_template":"","rs_page_bg_color":"","slide_template_v7":"","footnotes":""},"class_list":["post-16394","page","type-page","status-publish","hentry"],"_links":{"self":[{"href":"https:\/\/www.fundaciomeritxell.cat\/es\/wp-json\/wp\/v2\/pages\/16394","targetHints":{"allow":["GET"]}}],"collection":[{"href":"https:\/\/www.fundaciomeritxell.cat\/es\/wp-json\/wp\/v2\/pages"}],"about":[{"href":"https:\/\/www.fundaciomeritxell.cat\/es\/wp-json\/wp\/v2\/types\/page"}],"author":[{"embeddable":true,"href":"https:\/\/www.fundaciomeritxell.cat\/es\/wp-json\/wp\/v2\/users\/2"}],"replies":[{"embeddable":true,"href":"https:\/\/www.fundaciomeritxell.cat\/es\/wp-json\/wp\/v2\/comments?post=16394"}],"version-history":[{"count":5,"href":"https:\/\/www.fundaciomeritxell.cat\/es\/wp-json\/wp\/v2\/pages\/16394\/revisions"}],"predecessor-version":[{"id":26271,"href":"https:\/\/www.fundaciomeritxell.cat\/es\/wp-json\/wp\/v2\/pages\/16394\/revisions\/26271"}],"wp:attachment":[{"href":"https:\/\/www.fundaciomeritxell.cat\/es\/wp-json\/wp\/v2\/media?parent=16394"}],"curies":[{"name":"wp","href":"https:\/\/api.w.org\/{rel}","templated":true}]}}

<div class="wpb-content-wrapper"><p>[vc_row][vc_column][vc_single_image image=»26270&#8243; img_size=»full» alignment=»center» css=»»][/vc_column][/vc_row][vc_row][vc_column][vc_column_text css=»»]</p>
<!-- /wp:post-content -->
<p><!-- wp:paragraph -->El objetivo en la etapa de Educación Secundaria Obligatoria es conseguir que los chicos y las chicas adquieran las herramientas para entender el mundo y se conviertan en personas capaces de intervenir activa y críticamente en la sociedad plural, diversa y en continuo cambio que les ha tocado vivir.</p>
<p><!-- /wp:paragraph --> </p>
<!-- wp:image {"align":"left","id":10869,"width":490,"height":244,"linkDestination":"custom"} -->
<figure class="wp-block-image alignleft is-resized"><a href="https://www.fundaciomeritxell.cat/wp-content/uploads/2018/07/ESO-Escola-Meritxell-Mataro-Presentacions.jpg" target="_blank" rel="noreferrer noopener"><img loading="lazy" decoding="async" width="900" height="449" class="wp-image-10869" style="width: 490px; height: 244px;" src="https://www.fundaciomeritxell.cat/wp-content/uploads/2018/07/ESO-Escola-Meritxell-Mataro-Presentacions.jpg" alt="Classe d&#039;ESO de l&#039;Escola Meritxell de Mataró" title="" srcset="https://www.fundaciomeritxell.cat/wp-content/uploads/2018/07/ESO-Escola-Meritxell-Mataro-Presentacions.jpg 900w, https://www.fundaciomeritxell.cat/wp-content/uploads/2018/07/ESO-Escola-Meritxell-Mataro-Presentacions-600x299.jpg 600w, https://www.fundaciomeritxell.cat/wp-content/uploads/2018/07/ESO-Escola-Meritxell-Mataro-Presentacions-300x150.jpg 300w, https://www.fundaciomeritxell.cat/wp-content/uploads/2018/07/ESO-Escola-Meritxell-Mataro-Presentacions-768x383.jpg 768w" sizes="auto, (max-width: 900px) 100vw, 900px" /></a></figure>
<!-- /wp:image -->
<p><!-- wp:paragraph -->Durante la ESO se consolidan los aprendizajes con una metodología basada en <strong>el aprendizaje cooperativo y competencial</strong>, en la que el alumnado puede desarrollar su <strong>autonomía personal</strong>.</p>
<!-- /wp:paragraph -->
<p><!-- wp:paragraph -->Esta etapa académica coincide con una etapa vital como es la adolescencia, esto nos lleva a dar mucha importancia a la acción tutorial. Se trabaja con los alumnos, familias y resto de docentes para asesorar en el proceso de aprendizaje y se facilita una educación en valores para que el alumno adquiera las capacidades que le permitirán convivir en la sociedad.</p>
<p><!-- /wp:paragraph --> </p>
<!-- wp:image {"align":"right","id":10871,"width":300,"height":435,"linkDestination":"custom"} -->
<figure class="wp-block-image alignright is-resized"><a href="https://www.fundaciomeritxell.cat/wp-content/uploads/2018/07/ESO-Escola-Meritxell-Mataro-Electronica.jpg" target="_blank" rel="noreferrer noopener"><img loading="lazy" decoding="async" width="600" height="870" class="wp-image-10871" style="width: 300px; height: 435px;" src="https://www.fundaciomeritxell.cat/wp-content/uploads/2018/07/ESO-Escola-Meritxell-Mataro-Electronica.jpg" alt="Electrònica a la classe d&#039;ESO de l&#039;Escola Meritxell de Mataró" title="" srcset="https://www.fundaciomeritxell.cat/wp-content/uploads/2018/07/ESO-Escola-Meritxell-Mataro-Electronica.jpg 600w, https://www.fundaciomeritxell.cat/wp-content/uploads/2018/07/ESO-Escola-Meritxell-Mataro-Electronica-207x300.jpg 207w" sizes="auto, (max-width: 600px) 100vw, 600px" /></a></figure>
<!-- /wp:image -->
<p><!-- wp:paragraph -->La escuela dispone de doble línea en todos los cursos que se imparten. En Educación Secundaria Obligatoria, la ratio es de 30 alumnos por clase, pero para potenciar la atención individual del alumno, las materias instrumentales (matemáticas, catalán, castellano e <a href="https://www.fundaciomeritxell.cat/es/el-ingles-en-la-escuela/" target="_blank" rel="noreferrer noopener">inglés</a>) y la tutoría siempre se organizan en grupos más reducidos que el grupo-clase.</p>
<!-- /wp:paragraph -->
<p><!-- wp:paragraph -->El horario de clase es de las 9:00h de la mañana a las 14:00h y de las 15:00h a las 17:00h. Los alumnos de 1º y 2º ESO finalizan dos días las clases de la mañana a las 13:00. Los de 3º y 4º de ESO disponen de una tarde libre. En total, se realizan 33 horas lectivas semanales.</p>
<!-- /wp:paragraph -->
<p><!-- wp:paragraph -->Y, dentro de nuestro <a href="https://www.fundaciomeritxell.cat/es/el-ingles-en-la-escuela/" target="_blank" rel="noreferrer noopener">modelo de enseñanza del inglés</a>, ofrecemos el <em>Speaking Workshop</em>, conde los alumnos disfrutan quincenalmente de 30 minutos de conversación en inglés con profesora nativa en grupos no superiores a los 5 alumnos dentro del horario lectivo.</p>
<!-- /wp:paragraph -->
<p><!-- wp:paragraph -->Asimismo, también se ofrecen servicios de <a href="https://www.fundaciomeritxell.cat/es/doip/" target="_blank" rel="noreferrer noopener">orientación e intervención psicopedagógica</a>,de <a href="https://www.fundaciomeritxell.cat/es/acogida/" target="_blank" rel="noreferrer noopener">acogida</a> por la mañana y por la tarde, de <a href="https://www.fundaciomeritxell.cat/es/transporte/" target="_blank" rel="noreferrer noopener">transporte escolar</a>, de <a href="https://www.fundaciomeritxell.cat/es/comedor/" target="_blank" rel="noreferrer noopener">comedor</a> y <a href="https://www.fundaciomeritxell.cat/es/monitores-2/" target="_blank" rel="noreferrer noopener">monitorización</a>, de actividades extraescolares  y de <a href="https://www.fundaciomeritxell.cat/es/cic-idiomes/" target="_blank" rel="noreferrer noopener">escuela de idiomas propia</a>. Haced clic sobre el servicio o ver el apartado » Servicios» de esta web.</p>
<p><!-- /wp:paragraph --> </p>
<!-- wp:separator {"opacity":"css"} --><hr class="wp-block-separator has-css-opacity" />
<p><!-- /wp:separator --> </p>
<!-- wp:heading -->
<h2 class="wp-block-heading">Diploma Dual de la American High School</h2>
<p><!-- /wp:heading --> </p>
<!-- wp:image {"id":9837,"linkDestination":"custom","align":"left"} -->
<figure class="wp-block-image alignleft"><a href="https://www.fundaciomeritxell.cat/wp-content/uploads/2017/06/logo-Academica-black-250x76-1.jpeg"><img loading="lazy" decoding="async" width="250" height="76" class="wp-image-9837" src="https://www.fundaciomeritxell.cat/wp-content/uploads/2017/06/logo-Academica-black-250x76-1.jpeg" alt="Diploma Dual de l’American High School i l&#039;Escola Meritxell" title=""></a></figure>
<!-- /wp:image -->
<p><!-- wp:paragraph -->Con el objetivo de preparar a nuestros alumnos para un mundo más abierto y multicultural, ofrecemos, durante la ESO y desde el curso 2017-2018, el <a href="https://www.academica.school/files/Guia-Rapida-ACADEMICA_CAST.pdf" target="_blank" rel="noreferrer noopener">Diploma Dual de la American High School</a>, que posibilita la obtención de una doble titulación a la finalización del Bachillerato. Se trata de un programa interdisciplinario que enfatiza la inmersión educativa en inglés, la capacitación tecnológica y el desarrollo personal del alumno. La titulación que se obtiene a la finalización del programa es la misma que la de los estudiantes norteamericanos, tiene validez en todos los estados de EE.UU. y es reconocida y muy valorada por todas sus universidades. Actualmente <a href="https://www.academica.school/los300mejores" target="_blank" rel="noreferrer noopener">más de 300 escuelas de entre las mejores del estado</a> ya ofrecen esta titulación. Si están interesados, solicítenos información a secretaria@escolameritxell.org.</p>
<p><!-- /wp:paragraph --> </p>
<!-- wp:heading {"textAlign":"center"} -->
<h2 class="wp-block-heading has-text-align-center">Si queréis conocer mejor nuestro modelo educativo podéis consultar nuestro <a href="https://www.fundaciomeritxell.cat/es/escuela/" target="_blank" rel="noreferrer noopener">Proyecto Educativo de Centro</a>.</h2>
<p><!-- /wp:heading -->[/vc_column_text][/vc_column][/vc_row]</p></div>

<p>[vc_row][vc_column][vc_single_image image=»26270&#8243; img_size=»full» alignment=»center» css=»»][/vc_column][/vc_row][vc_row][vc_column][vc_column_text css=»»] El objetivo en la etapa de Educación Secundaria Obligatoria es conseguir que los chicos y las chicas adquieran las herramientas para entender el mundo y se conviertan en personas capaces de intervenir activa y críticamente en la sociedad plural, diversa y en continuo cambio &hellip; </p>
