{"id":16382,"date":"2021-03-17T17:25:57","date_gmt":"2021-03-17T15:25:57","guid":{"rendered":"https:\/\/www.fundaciomeritxell.cat\/?page_id=16382"},"modified":"2026-03-20T12:23:09","modified_gmt":"2026-03-20T10:23:09","slug":"primaria","status":"publish","type":"page","link":"https:\/\/www.fundaciomeritxell.cat\/es\/primaria\/","title":{"rendered":"EDUCACI\u00d3N PRIMARIA"},"content":{"rendered":"<div class=\"wpb-content-wrapper\"><p>[vc_row][vc_column][vc_single_image image=\u00bb26263&#8243; img_size=\u00bbfull\u00bb alignment=\u00bbcenter\u00bb css=\u00bb\u00bb][\/vc_column][\/vc_row][vc_row][vc_column][vc_column_text css=\u00bb\u00bb]<\/p>\r\n<!-- \/wp:post-content -->\r\n<p><!-- wp:paragraph -->A partir de la etapa de Educaci\u00f3n Primaria impulsamos el <strong>aprendizaje competencial<\/strong> ya desde los cursos iniciales.<\/p>\r\n<!-- \/wp:paragraph -->\r\n<p><!-- wp:paragraph -->De acuerdo con el programa de innovaci\u00f3n pedag\u00f3gica de nuestra escuela, este aprendizaje competencial se articula en base a tres estrategias fundamentalmente metodol\u00f3gicas: la <strong>creatividad<\/strong>, el <strong>aprendizaje cooperativo<\/strong> y las <strong>tecnolog\u00edas aplicadas al aprendizaje<\/strong>.<\/p>\r\n<p><!-- \/wp:paragraph -->\u00a0<\/p>\r\n<!-- wp:image {\"align\":\"left\",\"id\":10857,\"width\":338,\"height\":450} -->\r\n<figure class=\"wp-block-image alignleft is-resized\"><img loading=\"lazy\" decoding=\"async\" width=\"400\" height=\"533\" class=\"wp-image-10857\" style=\"width: 338px; height: 450px;\" src=\"https:\/\/www.fundaciomeritxell.cat\/wp-content\/uploads\/2018\/07\/Primaria-Escola-Meritxell-Mataro-sortida-museu.jpg\" alt=\"Prim\u00e0ria Escola Meritxell Matar\u00f3 Visita a Museus\" title=\"\" srcset=\"https:\/\/www.fundaciomeritxell.cat\/wp-content\/uploads\/2018\/07\/Primaria-Escola-Meritxell-Mataro-sortida-museu.jpg 400w, https:\/\/www.fundaciomeritxell.cat\/wp-content\/uploads\/2018\/07\/Primaria-Escola-Meritxell-Mataro-sortida-museu-225x300.jpg 225w\" sizes=\"auto, (max-width: 400px) 100vw, 400px\" \/><\/figure>\r\n<!-- \/wp:image -->\r\n<p><!-- wp:paragraph -->Estas tres estrategias garantizan que los alumnos de la escuela Meritxell aprendan a aprender mejor, deviniendo ciudadanos m\u00e1s competentes para desarrollarse con \u00e9xito en una sociedad compleja, global y en permanente cambio.<\/p>\r\n<!-- \/wp:paragraph -->\r\n<p><!-- wp:paragraph -->Para educar de manera integral y completa a nuestros alumnos, trabajamos a partir de cuatro ejes b\u00e1sicos:<\/p>\r\n<p><!-- \/wp:paragraph -->\u00a0<\/p>\r\n<!-- wp:heading -->\r\n<h2 class=\"wp-block-heading\">Aprender a ser<\/h2>\r\n<p><!-- \/wp:heading -->\u00a0<\/p>\r\n<!-- wp:separator {\"opacity\":\"css\"} --><hr class=\"wp-block-separator has-css-opacity\" \/><!-- \/wp:separator -->\r\n<p><!-- wp:paragraph -->Los alumnos deben aprender a ser aut\u00f3nomos, a reconocer los sentimientos propios y ajenos, a gestionar las propias emociones y a tomar decisiones y asumir las responsabilidades de los propios actos. Todos estos aspectos los trabajamos, no \u00fanicamente desde la <strong>acci\u00f3n tutorial<\/strong> (una hora de tutor\u00eda a la semana), sino tambi\u00e9n desde las diferentes competencias.<\/p>\r\n<p><!-- \/wp:paragraph -->\u00a0<\/p>\r\n<!-- wp:heading -->\r\n<h2 class=\"wp-block-heading\">Aprender a convivir<\/h2>\r\n<p><!-- \/wp:heading -->\u00a0<\/p>\r\n<!-- wp:separator {\"opacity\":\"css\"} --><hr class=\"wp-block-separator has-css-opacity\" \/><!-- \/wp:separator -->\r\n<p><!-- wp:paragraph -->Nuestros alumnos son nuestro futuro y deben adoptar h\u00e1bitos de aprendizaje cooperativo que promuevan el compromiso personal y las actitudes de convivencia. Este aprendizaje se fomenta con el <strong>padrinazgo<\/strong> entre cursos y se utiliza como herramienta b\u00e1sica el <strong>trabajo cooperativo<\/strong>. Queremos que nuestros alumnos aprendan a participar en la vida colectiva a partir de valores democr\u00e1ticos, favoreciendo as\u00ed un entorno m\u00e1s justo y solidario. Deben aprender a valorar los problemas sociales relevantes, interpretar las causas y las consecuencias para plantear propuestas de futuro (competencia social).<\/p>\r\n<!-- \/wp:paragraph -->\r\n<p><!-- wp:paragraph -->Desde la escuela, potenciamos el <strong>di\u00e1logo<\/strong> como herramienta de entendimiento y participaci\u00f3n en la relaci\u00f3n entre los alumnos, mediante el aprendizaje en <a class=\"keychainify-checked\" href=\"https:\/\/www.fundaciomeritxell.cat\/es\/el-ingles-en-la-escuela\/\" target=\"_blank\" rel=\"noreferrer noopener\"><strong>ingl\u00e9s<\/strong><\/a> en toda la Primaria (5 horas semanales de primero a cuarto y entre 6 y 7 horas de quinto a sexto) y en <strong>franc\u00e9s<\/strong> (1 hora semanal a partir de tercero).<\/p>\r\n<p><!-- \/wp:paragraph -->\u00a0<\/p>\r\n<!-- wp:heading -->\r\n<h2 class=\"wp-block-heading\">Aprender a saber y conocer<\/h2>\r\n<p><!-- \/wp:heading -->\u00a0<\/p>\r\n<!-- wp:image {\"align\":\"right\",\"id\":10859,\"width\":348,\"height\":261,\"linkDestination\":\"custom\"} -->\r\n<figure class=\"wp-block-image alignright is-resized\"><a href=\"https:\/\/www.fundaciomeritxell.cat\/wp-content\/uploads\/2018\/07\/Primaria-Escola-Meritxell-Mataro-ipads.jpg\" target=\"_blank\" rel=\"noreferrer noopener\"><img loading=\"lazy\" decoding=\"async\" width=\"600\" height=\"450\" class=\"wp-image-10859\" style=\"width: 348px; height: 261px;\" src=\"https:\/\/www.fundaciomeritxell.cat\/wp-content\/uploads\/2018\/07\/Primaria-Escola-Meritxell-Mataro-ipads.jpg\" alt=\"Prim\u00e0ria Escola Meritxell de Matar\u00f3 Classe amb iPads\" title=\"\" srcset=\"https:\/\/www.fundaciomeritxell.cat\/wp-content\/uploads\/2018\/07\/Primaria-Escola-Meritxell-Mataro-ipads.jpg 600w, https:\/\/www.fundaciomeritxell.cat\/wp-content\/uploads\/2018\/07\/Primaria-Escola-Meritxell-Mataro-ipads-300x225.jpg 300w\" sizes=\"auto, (max-width: 600px) 100vw, 600px\" \/><\/a><\/figure>\r\n<p><!-- \/wp:image -->\u00a0<\/p>\r\n<!-- wp:separator {\"opacity\":\"css\"} --><hr class=\"wp-block-separator has-css-opacity\" \/><!-- \/wp:separator -->\r\n<p><!-- wp:paragraph -->El alumnado debe comprender e interpretar el mundo que le rodea en toda su complejidad. Las competencias clave para esta interpretaci\u00f3n son la ling\u00fc\u00edstica y la matem\u00e1tica. En nuestra escuela, a fin de mejorar estas competencias, se trabajan en <strong>grupos desdoblados<\/strong> en aproximadamente un <strong>40%<\/strong> de las horas de lengua catalana, castellana y matem\u00e1ticas y en un <strong>100%<\/strong> de las horas de lengua inglesa. Ante alguna necesidad especial de nuestro alumnado en estas competencias, la escuela ofrece <strong>atenciones individualizadas<\/strong>.<\/p>\r\n<p><!-- \/wp:paragraph -->\u00a0<\/p>\r\n<!-- wp:heading -->\r\n<h2 class=\"wp-block-heading\">Aprender a hacer<\/h2>\r\n<p><!-- \/wp:heading -->\u00a0<\/p>\r\n<!-- wp:separator {\"opacity\":\"css\"} --><hr class=\"wp-block-separator has-css-opacity\" \/>\r\n<p><!-- \/wp:separator -->\u00a0<\/p>\r\n<!-- wp:image {\"align\":\"left\",\"id\":10860,\"width\":379,\"height\":284,\"linkDestination\":\"custom\"} -->\r\n<figure class=\"wp-block-image alignleft is-resized\"><a href=\"https:\/\/www.fundaciomeritxell.cat\/wp-content\/uploads\/2018\/07\/Primaria-Escola-Meritxell-Mataro-Matematiques.jpg\" target=\"_blank\" rel=\"noreferrer noopener\"><img loading=\"lazy\" decoding=\"async\" width=\"600\" height=\"450\" class=\"wp-image-10860\" style=\"width: 379px; height: 284px;\" src=\"https:\/\/www.fundaciomeritxell.cat\/wp-content\/uploads\/2018\/07\/Primaria-Escola-Meritxell-Mataro-Matematiques.jpg\" alt=\"iPads a les aules de Prim\u00e0ria de l&#039;Escola Meritxell de Matar\u00f3 \" title=\"\" srcset=\"https:\/\/www.fundaciomeritxell.cat\/wp-content\/uploads\/2018\/07\/Primaria-Escola-Meritxell-Mataro-Matematiques.jpg 600w, https:\/\/www.fundaciomeritxell.cat\/wp-content\/uploads\/2018\/07\/Primaria-Escola-Meritxell-Mataro-Matematiques-300x225.jpg 300w\" sizes=\"auto, (max-width: 600px) 100vw, 600px\" \/><\/a><\/figure>\r\n<!-- \/wp:image -->\r\n<p><!-- wp:paragraph -->Explorar, experimentar, formular preguntas y verificar hip\u00f3tesis, planificar y desarrollar proyectos son elementos claves en los procesos de formaci\u00f3n del alumnado. As\u00ed pues, la escuela trabaja a partir de la propia experimentaci\u00f3n con pr\u00e1cticas en el laboratorio de <strong>Science<\/strong> (impartida el <strong>100% en ingl\u00e9s<\/strong>), potenciando la <strong>creatividad<\/strong> desde todas las \u00e1reas con herramientas como las claves para pensar, los siete sombreros de Edward de Bono, etc.<\/p>\r\n<p>Los alumnos mejoran la <strong>competencia digital (TIC)<\/strong> tanto de manera transversal en el aula en las diferentes materias impartidas, como en la asignatura obligatoria de Programaci\u00f3n y Rob\u00f3tica durante toda la etapa.<\/p>\r\n<!-- \/wp:paragraph -->\r\n<p><!-- wp:paragraph -->El horario de clase es de las 9:00h de la ma\u00f1ana a las 13:00h y de las 15:00h a las 17:00h, de lunes a viernes, con un total de 30 horas lectivas a la semana.<\/p>\r\n<!-- \/wp:paragraph -->\r\n<p><!-- wp:paragraph -->Asimismo, tambi\u00e9n se ofrecen servicios de <a href=\"https:\/\/www.fundaciomeritxell.cat\/es\/doip\/\" target=\"_blank\" rel=\"noreferrer noopener\">orientaci\u00f3n e intervenci\u00f3n psicopedag\u00f3gica<\/a>,de <a href=\"https:\/\/www.fundaciomeritxell.cat\/es\/acogida\/\" target=\"_blank\" rel=\"noreferrer noopener\">acogida<\/a> por la ma\u00f1ana y por la tarde, de <a href=\"https:\/\/www.fundaciomeritxell.cat\/es\/transporte\/\" target=\"_blank\" rel=\"noreferrer noopener\">transporte escolar<\/a>, de <a href=\"https:\/\/www.fundaciomeritxell.cat\/es\/comedor\/\" target=\"_blank\" rel=\"noreferrer noopener\">comedor<\/a> y <a href=\"https:\/\/www.fundaciomeritxell.cat\/es\/monitores-2\/\" target=\"_blank\" rel=\"noreferrer noopener\">monitorizaci\u00f3n<\/a>, de actividades extraescolares \u00a0y de <a href=\"https:\/\/www.fundaciomeritxell.cat\/es\/cic-idiomes\/\" target=\"_blank\" rel=\"noreferrer noopener\">escuela de idiomas propia<\/a>. Haced clic sobre el servicio o ver el apartado \u00bb Servicios\u00bb de esta web.<\/p>\r\n<p><!-- \/wp:paragraph -->\u00a0<\/p>\r\n<!-- wp:heading {\"textAlign\":\"center\"} -->\r\n<h2 class=\"wp-block-heading has-text-align-center\">Si quer\u00e9is conocer mejor nuestro modelo educativo pod\u00e9is consultar nuestro\u00a0<a href=\"https:\/\/www.fundaciomeritxell.cat\/es\/escuela\/\" target=\"_blank\" rel=\"noreferrer noopener\">Proyecto Educativo de Centro<\/a>.<\/h2>\r\n<p><!-- \/wp:heading -->[\/vc_column_text][\/vc_column][\/vc_row]<\/p><\/div>","protected":false},"excerpt":{"rendered":"<p>[vc_row][vc_column][vc_single_image image=\u00bb26263&#8243; img_size=\u00bbfull\u00bb alignment=\u00bbcenter\u00bb css=\u00bb\u00bb][\/vc_column][\/vc_row][vc_row][vc_column][vc_column_text css=\u00bb\u00bb] A partir de la etapa de Educaci\u00f3n Primaria impulsamos el aprendizaje competencial ya desde los cursos iniciales. De acuerdo con el programa de innovaci\u00f3n pedag\u00f3gica de nuestra escuela, este aprendizaje competencial se articula en base a tres estrategias fundamentalmente metodol\u00f3gicas: la creatividad, el aprendizaje &hellip; <\/p>\n","protected":false},"author":2,"featured_media":0,"parent":0,"menu_order":0,"comment_status":"closed","ping_status":"closed","template":"","meta":{"rs_blank_template":"","rs_page_bg_color":"","slide_template_v7":"","footnotes":""},"class_list":["post-16382","page","type-page","status-publish","hentry"],"_links":{"self":[{"href":"https:\/\/www.fundaciomeritxell.cat\/es\/wp-json\/wp\/v2\/pages\/16382","targetHints":{"allow":["GET"]}}],"collection":[{"href":"https:\/\/www.fundaciomeritxell.cat\/es\/wp-json\/wp\/v2\/pages"}],"about":[{"href":"https:\/\/www.fundaciomeritxell.cat\/es\/wp-json\/wp\/v2\/types\/page"}],"author":[{"embeddable":true,"href":"https:\/\/www.fundaciomeritxell.cat\/es\/wp-json\/wp\/v2\/users\/2"}],"replies":[{"embeddable":true,"href":"https:\/\/www.fundaciomeritxell.cat\/es\/wp-json\/wp\/v2\/comments?post=16382"}],"version-history":[{"count":8,"href":"https:\/\/www.fundaciomeritxell.cat\/es\/wp-json\/wp\/v2\/pages\/16382\/revisions"}],"predecessor-version":[{"id":26264,"href":"https:\/\/www.fundaciomeritxell.cat\/es\/wp-json\/wp\/v2\/pages\/16382\/revisions\/26264"}],"wp:attachment":[{"href":"https:\/\/www.fundaciomeritxell.cat\/es\/wp-json\/wp\/v2\/media?parent=16382"}],"curies":[{"name":"wp","href":"https:\/\/api.w.org\/{rel}","templated":true}]}}

EDUCACIÓN PRIMARIA

<div class="wpb-content-wrapper"><p>[vc_row][vc_column][vc_single_image image=»26263&#8243; img_size=»full» alignment=»center» css=»»][/vc_column][/vc_row][vc_row][vc_column][vc_column_text css=»»]</p>
<!-- /wp:post-content -->
<p><!-- wp:paragraph -->A partir de la etapa de Educación Primaria impulsamos el <strong>aprendizaje competencial</strong> ya desde los cursos iniciales.</p>
<!-- /wp:paragraph -->
<p><!-- wp:paragraph -->De acuerdo con el programa de innovación pedagógica de nuestra escuela, este aprendizaje competencial se articula en base a tres estrategias fundamentalmente metodológicas: la <strong>creatividad</strong>, el <strong>aprendizaje cooperativo</strong> y las <strong>tecnologías aplicadas al aprendizaje</strong>.</p>
<p><!-- /wp:paragraph --> </p>
<!-- wp:image {"align":"left","id":10857,"width":338,"height":450} -->
<figure class="wp-block-image alignleft is-resized"><img loading="lazy" decoding="async" width="400" height="533" class="wp-image-10857" style="width: 338px; height: 450px;" src="https://www.fundaciomeritxell.cat/wp-content/uploads/2018/07/Primaria-Escola-Meritxell-Mataro-sortida-museu.jpg" alt="Primària Escola Meritxell Mataró Visita a Museus" title="" srcset="https://www.fundaciomeritxell.cat/wp-content/uploads/2018/07/Primaria-Escola-Meritxell-Mataro-sortida-museu.jpg 400w, https://www.fundaciomeritxell.cat/wp-content/uploads/2018/07/Primaria-Escola-Meritxell-Mataro-sortida-museu-225x300.jpg 225w" sizes="auto, (max-width: 400px) 100vw, 400px" /></figure>
<!-- /wp:image -->
<p><!-- wp:paragraph -->Estas tres estrategias garantizan que los alumnos de la escuela Meritxell aprendan a aprender mejor, deviniendo ciudadanos más competentes para desarrollarse con éxito en una sociedad compleja, global y en permanente cambio.</p>
<!-- /wp:paragraph -->
<p><!-- wp:paragraph -->Para educar de manera integral y completa a nuestros alumnos, trabajamos a partir de cuatro ejes básicos:</p>
<p><!-- /wp:paragraph --> </p>
<!-- wp:heading -->
<h2 class="wp-block-heading">Aprender a ser</h2>
<p><!-- /wp:heading --> </p>
<!-- wp:separator {"opacity":"css"} --><hr class="wp-block-separator has-css-opacity" /><!-- /wp:separator -->
<p><!-- wp:paragraph -->Los alumnos deben aprender a ser autónomos, a reconocer los sentimientos propios y ajenos, a gestionar las propias emociones y a tomar decisiones y asumir las responsabilidades de los propios actos. Todos estos aspectos los trabajamos, no únicamente desde la <strong>acción tutorial</strong> (una hora de tutoría a la semana), sino también desde las diferentes competencias.</p>
<p><!-- /wp:paragraph --> </p>
<!-- wp:heading -->
<h2 class="wp-block-heading">Aprender a convivir</h2>
<p><!-- /wp:heading --> </p>
<!-- wp:separator {"opacity":"css"} --><hr class="wp-block-separator has-css-opacity" /><!-- /wp:separator -->
<p><!-- wp:paragraph -->Nuestros alumnos son nuestro futuro y deben adoptar hábitos de aprendizaje cooperativo que promuevan el compromiso personal y las actitudes de convivencia. Este aprendizaje se fomenta con el <strong>padrinazgo</strong> entre cursos y se utiliza como herramienta básica el <strong>trabajo cooperativo</strong>. Queremos que nuestros alumnos aprendan a participar en la vida colectiva a partir de valores democráticos, favoreciendo así un entorno más justo y solidario. Deben aprender a valorar los problemas sociales relevantes, interpretar las causas y las consecuencias para plantear propuestas de futuro (competencia social).</p>
<!-- /wp:paragraph -->
<p><!-- wp:paragraph -->Desde la escuela, potenciamos el <strong>diálogo</strong> como herramienta de entendimiento y participación en la relación entre los alumnos, mediante el aprendizaje en <a class="keychainify-checked" href="https://www.fundaciomeritxell.cat/es/el-ingles-en-la-escuela/" target="_blank" rel="noreferrer noopener"><strong>inglés</strong></a> en toda la Primaria (5 horas semanales de primero a cuarto y entre 6 y 7 horas de quinto a sexto) y en <strong>francés</strong> (1 hora semanal a partir de tercero).</p>
<p><!-- /wp:paragraph --> </p>
<!-- wp:heading -->
<h2 class="wp-block-heading">Aprender a saber y conocer</h2>
<p><!-- /wp:heading --> </p>
<!-- wp:image {"align":"right","id":10859,"width":348,"height":261,"linkDestination":"custom"} -->
<figure class="wp-block-image alignright is-resized"><a href="https://www.fundaciomeritxell.cat/wp-content/uploads/2018/07/Primaria-Escola-Meritxell-Mataro-ipads.jpg" target="_blank" rel="noreferrer noopener"><img loading="lazy" decoding="async" width="600" height="450" class="wp-image-10859" style="width: 348px; height: 261px;" src="https://www.fundaciomeritxell.cat/wp-content/uploads/2018/07/Primaria-Escola-Meritxell-Mataro-ipads.jpg" alt="Primària Escola Meritxell de Mataró Classe amb iPads" title="" srcset="https://www.fundaciomeritxell.cat/wp-content/uploads/2018/07/Primaria-Escola-Meritxell-Mataro-ipads.jpg 600w, https://www.fundaciomeritxell.cat/wp-content/uploads/2018/07/Primaria-Escola-Meritxell-Mataro-ipads-300x225.jpg 300w" sizes="auto, (max-width: 600px) 100vw, 600px" /></a></figure>
<p><!-- /wp:image --> </p>
<!-- wp:separator {"opacity":"css"} --><hr class="wp-block-separator has-css-opacity" /><!-- /wp:separator -->
<p><!-- wp:paragraph -->El alumnado debe comprender e interpretar el mundo que le rodea en toda su complejidad. Las competencias clave para esta interpretación son la lingüística y la matemática. En nuestra escuela, a fin de mejorar estas competencias, se trabajan en <strong>grupos desdoblados</strong> en aproximadamente un <strong>40%</strong> de las horas de lengua catalana, castellana y matemáticas y en un <strong>100%</strong> de las horas de lengua inglesa. Ante alguna necesidad especial de nuestro alumnado en estas competencias, la escuela ofrece <strong>atenciones individualizadas</strong>.</p>
<p><!-- /wp:paragraph --> </p>
<!-- wp:heading -->
<h2 class="wp-block-heading">Aprender a hacer</h2>
<p><!-- /wp:heading --> </p>
<!-- wp:separator {"opacity":"css"} --><hr class="wp-block-separator has-css-opacity" />
<p><!-- /wp:separator --> </p>
<!-- wp:image {"align":"left","id":10860,"width":379,"height":284,"linkDestination":"custom"} -->
<figure class="wp-block-image alignleft is-resized"><a href="https://www.fundaciomeritxell.cat/wp-content/uploads/2018/07/Primaria-Escola-Meritxell-Mataro-Matematiques.jpg" target="_blank" rel="noreferrer noopener"><img loading="lazy" decoding="async" width="600" height="450" class="wp-image-10860" style="width: 379px; height: 284px;" src="https://www.fundaciomeritxell.cat/wp-content/uploads/2018/07/Primaria-Escola-Meritxell-Mataro-Matematiques.jpg" alt="iPads a les aules de Primària de l&#039;Escola Meritxell de Mataró " title="" srcset="https://www.fundaciomeritxell.cat/wp-content/uploads/2018/07/Primaria-Escola-Meritxell-Mataro-Matematiques.jpg 600w, https://www.fundaciomeritxell.cat/wp-content/uploads/2018/07/Primaria-Escola-Meritxell-Mataro-Matematiques-300x225.jpg 300w" sizes="auto, (max-width: 600px) 100vw, 600px" /></a></figure>
<!-- /wp:image -->
<p><!-- wp:paragraph -->Explorar, experimentar, formular preguntas y verificar hipótesis, planificar y desarrollar proyectos son elementos claves en los procesos de formación del alumnado. Así pues, la escuela trabaja a partir de la propia experimentación con prácticas en el laboratorio de <strong>Science</strong> (impartida el <strong>100% en inglés</strong>), potenciando la <strong>creatividad</strong> desde todas las áreas con herramientas como las claves para pensar, los siete sombreros de Edward de Bono, etc.</p>
<p>Los alumnos mejoran la <strong>competencia digital (TIC)</strong> tanto de manera transversal en el aula en las diferentes materias impartidas, como en la asignatura obligatoria de Programación y Robótica durante toda la etapa.</p>
<!-- /wp:paragraph -->
<p><!-- wp:paragraph -->El horario de clase es de las 9:00h de la mañana a las 13:00h y de las 15:00h a las 17:00h, de lunes a viernes, con un total de 30 horas lectivas a la semana.</p>
<!-- /wp:paragraph -->
<p><!-- wp:paragraph -->Asimismo, también se ofrecen servicios de <a href="https://www.fundaciomeritxell.cat/es/doip/" target="_blank" rel="noreferrer noopener">orientación e intervención psicopedagógica</a>,de <a href="https://www.fundaciomeritxell.cat/es/acogida/" target="_blank" rel="noreferrer noopener">acogida</a> por la mañana y por la tarde, de <a href="https://www.fundaciomeritxell.cat/es/transporte/" target="_blank" rel="noreferrer noopener">transporte escolar</a>, de <a href="https://www.fundaciomeritxell.cat/es/comedor/" target="_blank" rel="noreferrer noopener">comedor</a> y <a href="https://www.fundaciomeritxell.cat/es/monitores-2/" target="_blank" rel="noreferrer noopener">monitorización</a>, de actividades extraescolares  y de <a href="https://www.fundaciomeritxell.cat/es/cic-idiomes/" target="_blank" rel="noreferrer noopener">escuela de idiomas propia</a>. Haced clic sobre el servicio o ver el apartado » Servicios» de esta web.</p>
<p><!-- /wp:paragraph --> </p>
<!-- wp:heading {"textAlign":"center"} -->
<h2 class="wp-block-heading has-text-align-center">Si queréis conocer mejor nuestro modelo educativo podéis consultar nuestro <a href="https://www.fundaciomeritxell.cat/es/escuela/" target="_blank" rel="noreferrer noopener">Proyecto Educativo de Centro</a>.</h2>
<p><!-- /wp:heading -->[/vc_column_text][/vc_column][/vc_row]</p></div>

<p>[vc_row][vc_column][vc_single_image image=»26263&#8243; img_size=»full» alignment=»center» css=»»][/vc_column][/vc_row][vc_row][vc_column][vc_column_text css=»»] A partir de la etapa de Educación Primaria impulsamos el aprendizaje competencial ya desde los cursos iniciales. De acuerdo con el programa de innovación pedagógica de nuestra escuela, este aprendizaje competencial se articula en base a tres estrategias fundamentalmente metodológicas: la creatividad, el aprendizaje &hellip; </p>
