{"id":16338,"date":"2017-02-16T23:22:04","date_gmt":"2017-02-16T22:22:04","guid":{"rendered":"https:\/\/www.fundaciomeritxell.cat\/?page_id=16338"},"modified":"2022-03-22T12:14:56","modified_gmt":"2022-03-22T10:14:56","slug":"apertura-al-mundo","status":"publish","type":"page","link":"https:\/\/www.fundaciomeritxell.cat\/es\/escuela\/apertura-al-mundo\/","title":{"rendered":"Apertura al mundo"},"content":{"rendered":"<div class=\"wpb-content-wrapper\"><p>[vc_row][vc_column][vc_single_image image=\u00bb17714&#8243; img_size=\u00bbfull\u00bb alignment=\u00bbcenter\u00bb][vc_separator color=\u00bbcustom\u00bb accent_color=\u00bb#0062ad\u00bb][vc_custom_heading text=\u00bb\u201cEntendemos el mundo como un espacio cercano que hay que entender y comprender, donde el alumno puede interactuar en cualquier etapa de su vida\u201c<br \/>\n\u00bb font_container=\u00bbtag:h3|text_align:center\u00bb use_theme_fonts=\u00bbyes\u00bb css=\u00bb.vc_custom_1647943675535{padding-bottom: 15px !important;}\u00bb][vc_separator color=\u00bbcustom\u00bb accent_color=\u00bb#0062ad\u00bb]<div class=\"thim-widget-heading template-base\"><div class=\"sc_heading  \"><h3 style=\"text-transform: uppercase;\" class=\"title\"> <span class=\"thim-color\">\u00bfC\u00f3mo lo hacemos?<\/span><\/h3><span style=\"background-color:#0062ad\" class=\"line\"><\/span><\/div><\/div>[\/vc_column][\/vc_row][vc_row][vc_column width=\u00bb2\/3&#8243;][vc_column_text]Con\u00a0<strong>un Proyecto Ling\u00fc\u00edstico de Centro<\/strong>\u00a0que persigue que el alumno consolide el aprendizaje de las dos lenguas propias (catal\u00e1n y castellano), y que, al mismo tiempo, se sumerja en la\u00a0<a class=\"keychainify-checked\" href=\"https:\/\/www.fundaciomeritxell.cat\/es\/el-ingles-en-la-escuela\/\" target=\"_blank\" rel=\"noreferrer noopener\">lengua inglesa<\/a>\u00a0y conozca y se exprese en lengua francesa.<\/p>\n<p>Introduciendo, cada vez m\u00e1s,\u00a0<strong>programas de internacionalizaci\u00f3n<\/strong>\u00a0en las diferentes etapas educativas que facilitan el contacto del alumno con alumnos de escuelas de todo el mundo, con quienes interact\u00faa a prop\u00f3sito de un proyecto com\u00fan.[\/vc_column_text][\/vc_column][vc_column width=\u00bb1\/3&#8243;][vc_single_image image=\u00bb10191&#8243; img_size=\u00bbfull\u00bb alignment=\u00bbcenter\u00bb style=\u00bbvc_box_shadow\u00bb onclick=\u00bbcustom_link\u00bb img_link_target=\u00bb_blank\u00bb css_animation=\u00bbfadeIn\u00bb link=\u00bbhttps:\/\/www.fundaciomeritxell.cat\/cic-idiomes-2\/\u00bb][\/vc_column][\/vc_row][vc_row full_width=\u00bbstretch_row\u00bb css=\u00bb.vc_custom_1647864143278{padding-bottom: 25px !important;background-color: #ededed !important;}\u00bb][vc_column width=\u00bb1\/2&#8243;]<div class=\"thim-widget-image-box template-image-box\">\n\t<div class=\"thim-image-box layout-base\">\n\t\t<img loading=\"lazy\" decoding=\"async\" src=\"https:\/\/www.fundaciomeritxell.cat\/wp-content\/uploads\/2022\/03\/speaking-workshop.jpg\" alt=\"speaking workshop\" width=\"900\" height=\"459\" title=\"\">\t\t<div class=\"title\">\n\t\t\t<h3><\/h3>\n\t\t<\/div>\n\t<\/div>\n<\/div>[\/vc_column][vc_column width=\u00bb1\/2&#8243;][vc_empty_space height=\u00bb16px\u00bb][vc_column_text]Utilizando las\u00a0<strong>nuevas tecnolog\u00edas<\/strong>\u00a0en el aula como instrumentos que facilitan la apertura al mundo, a sus realidades diferentes y en sus diversas formas de ser concebido y entendido.<\/p>\n<p>Facilitando y ofreciendo mecanismos para la\u00a0<strong>estancia del alumno en el extranjero<\/strong>\u00a0durante el per\u00edodo que crea conveniente: un verano, un trimestre acad\u00e9mico, o bien un curso entero.<\/p>\n<p>Con <strong>Speaking Workshop<\/strong>, los alumnos disfrutan quincenalmente de 30 minutos de conversaci\u00f3n en ingl\u00e9s con una profesora nativa en grupos no superiores a los 5 alumnos dentro del horario lectivo.[\/vc_column_text][\/vc_column][\/vc_row][vc_row][vc_column width=\u00bb2\/3&#8243; css=\u00bb.vc_custom_1647876869561{margin-right: 30px !important;}\u00bb][vc_empty_space][vc_custom_heading text=\u00bbY, desde el curso 2017-2018, ofreciendo la posibilidad a nuestros alumnos de conseguir el Diploma Dual de la American High School, con un itinerario flexible que les permite compaginar los estudios en la escola con la obtenci\u00f3n de una titulaci\u00f3n norteamericana desde Catalunya.\u00bb font_container=\u00bbtag:h4|text_align:center|line_height:2&#8243; use_theme_fonts=\u00bbyes\u00bb link=\u00bburl:https%3A%2F%2Fwww.academica.school%2Ffiles%2FGuia-Rapida-ACADEMICA_CAT.pdf|target:_blank\u00bb][\/vc_column][vc_column width=\u00bb1\/3&#8243;][vc_single_image image=\u00bb16446&#8243; img_size=\u00bbfull\u00bb alignment=\u00bbcenter\u00bb style=\u00bbvc_box_shadow\u00bb onclick=\u00bbcustom_link\u00bb img_link_target=\u00bb_blank\u00bb css_animation=\u00bbbounceInRight\u00bb link=\u00bbhttps:\/\/www.academica.school\/files\/Guia-Rapida-ACADEMICA_CAT.pdf\u00bb][\/vc_column][\/vc_row]<\/p>\n<\/div>","protected":false},"excerpt":{"rendered":"<p>[vc_row][vc_column][vc_single_image image=\u00bb17714&#8243; img_size=\u00bbfull\u00bb alignment=\u00bbcenter\u00bb][vc_separator color=\u00bbcustom\u00bb accent_color=\u00bb#0062ad\u00bb][vc_custom_heading text=\u00bb\u201cEntendemos el mundo como un espacio cercano que hay que entender y comprender, donde el alumno puede interactuar en cualquier etapa de su vida\u201c \u00bb font_container=\u00bbtag:h3|text_align:center\u00bb use_theme_fonts=\u00bbyes\u00bb css=\u00bb.vc_custom_1647943675535{padding-bottom: 15px !important;}\u00bb][vc_separator color=\u00bbcustom\u00bb accent_color=\u00bb#0062ad\u00bb][\/vc_column][\/vc_row][vc_row][vc_column width=\u00bb2\/3&#8243;][vc_column_text]Con\u00a0un Proyecto Ling\u00fc\u00edstico de Centro\u00a0que persigue que el alumno consolide el aprendizaje &hellip; <\/p>\n","protected":false},"author":2,"featured_media":19192,"parent":16309,"menu_order":0,"comment_status":"closed","ping_status":"closed","template":"","meta":{"rs_blank_template":"","rs_page_bg_color":"","slide_template_v7":"","footnotes":""},"class_list":["post-16338","page","type-page","status-publish","has-post-thumbnail","hentry"],"_links":{"self":[{"href":"https:\/\/www.fundaciomeritxell.cat\/es\/wp-json\/wp\/v2\/pages\/16338","targetHints":{"allow":["GET"]}}],"collection":[{"href":"https:\/\/www.fundaciomeritxell.cat\/es\/wp-json\/wp\/v2\/pages"}],"about":[{"href":"https:\/\/www.fundaciomeritxell.cat\/es\/wp-json\/wp\/v2\/types\/page"}],"author":[{"embeddable":true,"href":"https:\/\/www.fundaciomeritxell.cat\/es\/wp-json\/wp\/v2\/users\/2"}],"replies":[{"embeddable":true,"href":"https:\/\/www.fundaciomeritxell.cat\/es\/wp-json\/wp\/v2\/comments?post=16338"}],"version-history":[{"count":0,"href":"https:\/\/www.fundaciomeritxell.cat\/es\/wp-json\/wp\/v2\/pages\/16338\/revisions"}],"up":[{"embeddable":true,"href":"https:\/\/www.fundaciomeritxell.cat\/es\/wp-json\/wp\/v2\/pages\/16309"}],"wp:featuredmedia":[{"embeddable":true,"href":"https:\/\/www.fundaciomeritxell.cat\/es\/wp-json\/wp\/v2\/media\/19192"}],"wp:attachment":[{"href":"https:\/\/www.fundaciomeritxell.cat\/es\/wp-json\/wp\/v2\/media?parent=16338"}],"curies":[{"name":"wp","href":"https:\/\/api.w.org\/{rel}","templated":true}]}}

<div class="wpb-content-wrapper"><p>[vc_row][vc_column][vc_single_image image=»17714&#8243; img_size=»full» alignment=»center»][vc_separator color=»custom» accent_color=»#0062ad»][vc_custom_heading text=»“Entendemos el mundo como un espacio cercano que hay que entender y comprender, donde el alumno puede interactuar en cualquier etapa de su vida“<br />
» font_container=»tag:h3|text_align:center» use_theme_fonts=»yes» css=».vc_custom_1647943675535{padding-bottom: 15px !important;}»][vc_separator color=»custom» accent_color=»#0062ad»]<div class="thim-widget-heading template-base"><div class="sc_heading  "><h3 style="text-transform: uppercase;" class="title"> <span class="thim-color">¿Cómo lo hacemos?</span></h3><span style="background-color:#0062ad" class="line"></span></div></div>[/vc_column][/vc_row][vc_row][vc_column width=»2/3&#8243;][vc_column_text]Con <strong>un Proyecto Lingüístico de Centro</strong> que persigue que el alumno consolide el aprendizaje de las dos lenguas propias (catalán y castellano), y que, al mismo tiempo, se sumerja en la <a class="keychainify-checked" href="https://www.fundaciomeritxell.cat/es/el-ingles-en-la-escuela/" target="_blank" rel="noreferrer noopener">lengua inglesa</a> y conozca y se exprese en lengua francesa.</p>
<p>Introduciendo, cada vez más, <strong>programas de internacionalización</strong> en las diferentes etapas educativas que facilitan el contacto del alumno con alumnos de escuelas de todo el mundo, con quienes interactúa a propósito de un proyecto común.[/vc_column_text][/vc_column][vc_column width=»1/3&#8243;][vc_single_image image=»10191&#8243; img_size=»full» alignment=»center» style=»vc_box_shadow» onclick=»custom_link» img_link_target=»_blank» css_animation=»fadeIn» link=»https://www.fundaciomeritxell.cat/cic-idiomes-2/»][/vc_column][/vc_row][vc_row full_width=»stretch_row» css=».vc_custom_1647864143278{padding-bottom: 25px !important;background-color: #ededed !important;}»][vc_column width=»1/2&#8243;]<div class="thim-widget-image-box template-image-box">
	<div class="thim-image-box layout-base">
		<img loading="lazy" decoding="async" src="https://www.fundaciomeritxell.cat/wp-content/uploads/2022/03/speaking-workshop.jpg" alt="speaking workshop" width="900" height="459" title="">		<div class="title">
			<h3></h3>
		</div>
	</div>
</div>[/vc_column][vc_column width=»1/2&#8243;][vc_empty_space height=»16px»][vc_column_text]Utilizando las <strong>nuevas tecnologías</strong> en el aula como instrumentos que facilitan la apertura al mundo, a sus realidades diferentes y en sus diversas formas de ser concebido y entendido.</p>
<p>Facilitando y ofreciendo mecanismos para la <strong>estancia del alumno en el extranjero</strong> durante el período que crea conveniente: un verano, un trimestre académico, o bien un curso entero.</p>
<p>Con <strong>Speaking Workshop</strong>, los alumnos disfrutan quincenalmente de 30 minutos de conversación en inglés con una profesora nativa en grupos no superiores a los 5 alumnos dentro del horario lectivo.[/vc_column_text][/vc_column][/vc_row][vc_row][vc_column width=»2/3&#8243; css=».vc_custom_1647876869561{margin-right: 30px !important;}»][vc_empty_space][vc_custom_heading text=»Y, desde el curso 2017-2018, ofreciendo la posibilidad a nuestros alumnos de conseguir el Diploma Dual de la American High School, con un itinerario flexible que les permite compaginar los estudios en la escola con la obtención de una titulación norteamericana desde Catalunya.» font_container=»tag:h4|text_align:center|line_height:2&#8243; use_theme_fonts=»yes» link=»url:https%3A%2F%2Fwww.academica.school%2Ffiles%2FGuia-Rapida-ACADEMICA_CAT.pdf|target:_blank»][/vc_column][vc_column width=»1/3&#8243;][vc_single_image image=»16446&#8243; img_size=»full» alignment=»center» style=»vc_box_shadow» onclick=»custom_link» img_link_target=»_blank» css_animation=»bounceInRight» link=»https://www.academica.school/files/Guia-Rapida-ACADEMICA_CAT.pdf»][/vc_column][/vc_row]</p>
</div>

<p>[vc_row][vc_column][vc_single_image image=»17714&#8243; img_size=»full» alignment=»center»][vc_separator color=»custom» accent_color=»#0062ad»][vc_custom_heading text=»“Entendemos el mundo como un espacio cercano que hay que entender y comprender, donde el alumno puede interactuar en cualquier etapa de su vida“ » font_container=»tag:h3|text_align:center» use_theme_fonts=»yes» css=».vc_custom_1647943675535{padding-bottom: 15px !important;}»][vc_separator color=»custom» accent_color=»#0062ad»][/vc_column][/vc_row][vc_row][vc_column width=»2/3&#8243;][vc_column_text]Con un Proyecto Lingüístico de Centro que persigue que el alumno consolide el aprendizaje &hellip; </p>
