{"id":16314,"date":"2021-03-17T13:12:44","date_gmt":"2021-03-17T11:12:44","guid":{"rendered":"https:\/\/www.fundaciomeritxell.cat\/?page_id=16314"},"modified":"2025-10-30T12:14:14","modified_gmt":"2025-10-30T10:14:14","slug":"el-ingles-en-la-escuela","status":"publish","type":"page","link":"https:\/\/www.fundaciomeritxell.cat\/es\/el-ingles-en-la-escuela\/","title":{"rendered":"El ingl\u00e9s en la Escuela"},"content":{"rendered":"\n<figure class=\"wp-block-image alignwide size-large\"><img loading=\"lazy\" decoding=\"async\" width=\"1024\" height=\"241\" src=\"https:\/\/www.fundaciomeritxell.cat\/wp-content\/uploads\/2021\/06\/2016_banner_ingles-1-1024x241.jpg\" alt=\"\" class=\"wp-image-17983\" title=\"\" srcset=\"https:\/\/www.fundaciomeritxell.cat\/wp-content\/uploads\/2021\/06\/2016_banner_ingles-1-1024x241.jpg 1024w, https:\/\/www.fundaciomeritxell.cat\/wp-content\/uploads\/2021\/06\/2016_banner_ingles-1-300x71.jpg 300w, https:\/\/www.fundaciomeritxell.cat\/wp-content\/uploads\/2021\/06\/2016_banner_ingles-1-768x180.jpg 768w, https:\/\/www.fundaciomeritxell.cat\/wp-content\/uploads\/2021\/06\/2016_banner_ingles-1.jpg 1200w\" sizes=\"auto, (max-width: 1024px) 100vw, 1024px\" \/><\/figure>\n\n\n\n<p>En un mundo globalizado, la herramienta que m\u00e1s puede ayudar a los j\u00f3venes a abrirse paso dentro de un mercado laboral sin fronteras es el dominio de cuantas m\u00e1s lenguas, mejor. De entre todas, sin embargo, el ingl\u00e9s es la m\u00e1s aceptada como lengua de comunicaci\u00f3n casi universal.<\/p>\n\n\n\n<p>Esta es una inquietud generalizada entre los padres que, a menudo, nos preguntan sobre <strong>nuestro modelo de ense\u00f1anza del ingl\u00e9s y sobre los resultados y la preparaci\u00f3n de los alumnos de la Escola Meritxell<\/strong>.<\/p>\n\n\n\n<p>Os ofrecemos, pues, un repaso de todo lo que, dependiendo de la etapa, ponemos en pr\u00e1ctica en la escuela para garantizar un excelente aprendizaje de esta lengua. Se trata de un compromiso que queda explicitado en nuestro <a href=\"https:\/\/www.fundaciomeritxell.cat\/es\/trets-didentitat-escola-meritxell\/\" target=\"_blank\" rel=\"noopener noreferrer\">Proyecto Educativo de Centro<\/a>.<\/p>\n\n\n\n<figure class=\"wp-block-embed alignright is-type-video is-provider-youtube wp-block-embed-youtube wp-embed-aspect-16-9 wp-has-aspect-ratio\"><div class=\"wp-block-embed__wrapper\">\n<iframe loading=\"lazy\" title=\"Com tractem l\u2019angl\u00e8s amb els m\u00e9s petits\" width=\"640\" height=\"360\" src=\"https:\/\/www.youtube.com\/embed\/EyNzHiLeoAY?feature=oembed\" frameborder=\"0\" allow=\"accelerometer; autoplay; clipboard-write; encrypted-media; gyroscope; picture-in-picture; web-share\" referrerpolicy=\"strict-origin-when-cross-origin\" allowfullscreen><\/iframe>\n<\/div><\/figure>\n\n\n\n<h3 class=\"wp-block-heading\">Educaci\u00f3n Infantil (I3 a I5)<\/h3>\n\n\n\n<p>\u2022 Dedicaci\u00f3n del <strong>100% de las horas de actividades complementarias a la inmersi\u00f3n ling\u00fc\u00edstica en ingl\u00e9s<\/strong>; 5h semanales durante las que todos los <em>inputs<\/em> que recibe el alumno son en lengua inglesa.<\/p>\n\n\n\n<p>\u2022 Soporte, en el aula, de una auxiliar que se comunica con todos (alumnos, profesores, familias&#8230;) <strong>exclusivamente en ingl\u00e9s<\/strong>.<\/p>\n\n\n\n<h3 class=\"wp-block-heading\">Educaci\u00f3n Primaria (1\u00ba a 6\u00ba)<\/h3>\n\n\n\n<p>\u2022 Los alumnos tienen una asignaci\u00f3n horaria semanal de ingl\u00e9s como materia lectiva. A partir de 3\u00ba de Primaria, los grupos de clase se desdoblan para poder trabajar esta materia en <strong>grupos reducidos<\/strong> y facilitar la atenci\u00f3n personalizada a cada alumno.<\/p>\n\n\n\n<p>\u2022 En esta etapa el ingl\u00e9s se utiliza como lengua vehicular de una materia no ling\u00fc\u00edstica como es Medio Natural (<em>Science<\/em>, en ingl\u00e9s). De este modo, la dedicaci\u00f3n horaria en ingl\u00e9s duplica los m\u00ednimos establecidos por el Departament d\u2019Ensenyament de la Generalitat de Catalunya.<\/p>\n\n\n\n<p>\u2022 <strong><em>English Morning<\/em><\/strong>.&nbsp;Jornada de inmersi\u00f3n ling\u00fc\u00edstica en ingl\u00e9s en toda la etapa de Educaci\u00f3n Primaria.<\/p>\n\n\n\n<p>\u2022 Durante el <strong><em>Science Day<\/em><\/strong>, los alumnos de Primaria exponen los experimentos cient\u00edficos que han estado trabajando en la materia de Science a los alumnos del resto de niveles.<\/p>\n\n\n<div class=\"wp-block-image\">\n<figure class=\"alignright size-large is-resized\"><img loading=\"lazy\" decoding=\"async\" width=\"1024\" height=\"256\" src=\"https:\/\/www.fundaciomeritxell.cat\/wp-content\/uploads\/2021\/06\/Personal-Growth-Meritxell-1024x256.png\" alt=\"\" class=\"wp-image-17701\" style=\"width:512px;height:128px\" title=\"\" srcset=\"https:\/\/www.fundaciomeritxell.cat\/wp-content\/uploads\/2021\/06\/Personal-Growth-Meritxell-1024x256.png 1024w, https:\/\/www.fundaciomeritxell.cat\/wp-content\/uploads\/2021\/06\/Personal-Growth-Meritxell-300x75.png 300w, https:\/\/www.fundaciomeritxell.cat\/wp-content\/uploads\/2021\/06\/Personal-Growth-Meritxell-768x192.png 768w, https:\/\/www.fundaciomeritxell.cat\/wp-content\/uploads\/2021\/06\/Personal-Growth-Meritxell.png 1200w\" sizes=\"auto, (max-width: 1024px) 100vw, 1024px\" \/><\/figure>\n<\/div>\n\n\n<p>\u2022 Coincidiendo con la proximidad de la Semana Santa, los alumnos de 6\u00ba de Primaria preparan un desfile de sombreros estramb\u00f3ticos, confeccionados por ellos mismos, para conmemorar la divertida tradici\u00f3n brit\u00e1nica llamada <em>Easter Bonnet Parade<\/em>. Participan en esta actividad todos los alumnos de Infantil y Primaria.<\/p>\n\n\n\n<h3 class=\"wp-block-heading\">ESO (1\u00ba a 4\u00ba)<\/h3>\n\n\n\n<p>\u2022 Se imparten 3 horas semanales de <strong><em>English<\/em><\/strong> por curso, m\u00e1s 1 hora semanal adicional de <strong>ingl\u00e9s complementario<\/strong> en 2\u00ba, 3\u00ba y 4\u00ba de ESO. Hay que remarcar que esta materia se imparte en <strong>grupos reducidos<\/strong>.<\/p>\n\n\n\n<p>\u2022 Con el <b><i>Speaking Workshop<\/i><\/b>, los alumnos disfrutan quincenalmente de 30 minutos de conversaci\u00f3n en ingl\u00e9s con profesora nativa en grupos no superiores a los 5 alumnos dentro del horario lectivo.<\/p>\n\n\n\n<p>\u2022 <strong>Internacionalizaci\u00f3n<\/strong>: La escuela trabaja para facilitar estancias ling\u00fc\u00edsticas del alumnado de Educaci\u00f3n Secundaria en el extranjero, tanto a lo largo del a\u00f1o escolar como en verano.<\/p>\n\n\n<div class=\"wp-block-image\">\n<figure class=\"alignright is-resized\"><a href=\"https:\/\/www.fundaciomeritxell.cat\/wp-content\/uploads\/2017\/07\/CAE-3.jpg\" target=\"_blank\" rel=\"noopener noreferrer\"><img loading=\"lazy\" decoding=\"async\" width=\"340\" height=\"260\" src=\"https:\/\/www.fundaciomeritxell.cat\/wp-content\/uploads\/2017\/07\/CAE-3.jpg\" alt=\"Preparaci\u00f3 proves CAE Escola Meritxell de Matar\u00f3\" class=\"wp-image-9915\" style=\"width:235px;height:180px\" title=\"\" srcset=\"https:\/\/www.fundaciomeritxell.cat\/wp-content\/uploads\/2017\/07\/CAE-3.jpg 340w, https:\/\/www.fundaciomeritxell.cat\/wp-content\/uploads\/2017\/07\/CAE-3-300x229.jpg 300w\" sizes=\"auto, (max-width: 340px) 100vw, 340px\" \/><\/a><\/figure>\n<\/div>\n\n\n<h3 class=\"wp-block-heading\">Bachillerato<\/h3>\n\n\n\n<p>\u2022 Se imparten 3 horas semanales de&nbsp;<em><strong>English<\/strong><\/em>&nbsp;en clase.<\/p>\n\n\n\n<p>\u2022 Se ofrece 1 hora semanal adicional de <strong>repaso de ingl\u00e9s<\/strong> con la misma profesora que imparte la materia.<\/p>\n\n\n\n<h3 class=\"wp-block-heading\">Actividades comunes y entre etapas<\/h3>\n\n\n\n<p><strong><em>\u2022 Easter Egg Hunt<\/em><\/strong>. Los alumnos de 2\u00ba de ESO preparan esta actividad para los alumnos de Infantil. Se trata de una tradici\u00f3n extendida en los pa\u00edses de habla inglesa en la que los mayores esconden huevos de Pascua en un lugar concreto y cuentan una historia en ingl\u00e9s a los m\u00e1s peque\u00f1os para que puedan encontrar el escondite.<\/p>\n\n\n\n<p><strong>\u2022 Padrinazgo en ingl\u00e9s<\/strong>. Todo el alumnado de la escuela, desde I3 hasta 2\u00ba de Bachillerato, participa en este programa en el que los mayores ayudan a los peque\u00f1os a mejorar su vocabulario y su expresi\u00f3n en ingl\u00e9s con motivo de las diferentes celebraciones de la escuela: Christmas, Halloween, Easter, Spring Time, etc.<\/p>\n\n\n\n<p><strong>\u2022 Teatro en ingl\u00e9s<\/strong>. Cada curso escolar traemos compa\u00f1\u00edas teatrales en ingl\u00e9s a la escuela para las diferentes etapas.<\/p>\n\n\n\n<hr class=\"wp-block-separator has-css-opacity\"\/>\n\n\n<div class=\"wp-block-image\">\n<figure class=\"alignleft\"><a href=\"https:\/\/www.fundaciomeritxell.cat\/wp-content\/uploads\/2017\/06\/logo-Academica-black-250x76-1.jpeg\" target=\"_blank\" rel=\"noopener noreferrer\"><img loading=\"lazy\" decoding=\"async\" width=\"250\" height=\"76\" src=\"https:\/\/www.fundaciomeritxell.cat\/wp-content\/uploads\/2017\/06\/logo-Academica-black-250x76-1.jpeg\" alt=\"Diploma Dual de l\u2019American High School i l&#039;Escola Meritxell\" class=\"wp-image-9837\" title=\"\"><\/a><\/figure>\n<\/div>\n\n\n<p>Adicionalmente, a partir del curso 2017-18 ofrecemos el <a href=\"https:\/\/www.fundaciomeritxell.cat\/nou-diploma-dual-international-high-school\/\" target=\"_blank\" rel=\"noopener noreferrer\">PROGRAMA INTERNACIONAL DUAL<\/a> (US HIGH SCHOOL) que da la oportunidad a los alumnos a partir 3\u00ba de ESO de alcanzar la titulaci\u00f3n <em>High School<\/em> estadounidense, siempre que se hayan aprobado las materias necesarias para la convalidaci\u00f3n de este t\u00edtulo.<\/p>\n\n\n\n<figure class=\"wp-block-embed alignright is-type-video is-provider-youtube wp-block-embed-youtube wp-embed-aspect-16-9 wp-has-aspect-ratio\"><div class=\"wp-block-embed__wrapper\">\n<iframe loading=\"lazy\" title=\"Academica. Qu\u00e9 es el Diploma Dual\u00ae\" width=\"640\" height=\"360\" src=\"https:\/\/www.youtube.com\/embed\/WaHfn4OT4sM?feature=oembed\" frameborder=\"0\" allow=\"accelerometer; autoplay; clipboard-write; encrypted-media; gyroscope; picture-in-picture; web-share\" referrerpolicy=\"strict-origin-when-cross-origin\" allowfullscreen><\/iframe>\n<\/div><\/figure>\n\n\n\n<p>As\u00ed mismo, desde el a\u00f1o 2012, la Escola Meritxell ofrece el servicio&nbsp;<a href=\"https:\/\/www.fundaciomeritxell.cat\/es\/cic-idiomas-2\/\" target=\"_blank\" rel=\"noopener noreferrer\">CIC Idiomes<\/a> a las familias interesadas en recibir&nbsp;<strong>un soporte cualificado<\/strong>&nbsp;que garantice un nivel \u00f3ptimo de ingl\u00e9s para sus hijos. Se trata de un espacio de perfeccionamiento, programado&nbsp;<strong>en horario extraescolar,<\/strong> para facilitar la participaci\u00f3n de todos los alumnos que as\u00ed lo deseen.<\/p>\n","protected":false},"excerpt":{"rendered":"<p>En un mundo globalizado, la herramienta que m\u00e1s puede ayudar a los j\u00f3venes a abrirse paso dentro de un mercado laboral sin fronteras es el dominio de cuantas m\u00e1s lenguas, mejor. De entre todas, sin embargo, el ingl\u00e9s es la m\u00e1s aceptada como lengua de comunicaci\u00f3n casi universal. Esta es &hellip; <\/p>\n","protected":false},"author":2,"featured_media":19138,"parent":0,"menu_order":0,"comment_status":"closed","ping_status":"closed","template":"","meta":{"rs_blank_template":"","rs_page_bg_color":"","slide_template_v7":"","footnotes":""},"class_list":["post-16314","page","type-page","status-publish","has-post-thumbnail","hentry"],"_links":{"self":[{"href":"https:\/\/www.fundaciomeritxell.cat\/es\/wp-json\/wp\/v2\/pages\/16314","targetHints":{"allow":["GET"]}}],"collection":[{"href":"https:\/\/www.fundaciomeritxell.cat\/es\/wp-json\/wp\/v2\/pages"}],"about":[{"href":"https:\/\/www.fundaciomeritxell.cat\/es\/wp-json\/wp\/v2\/types\/page"}],"author":[{"embeddable":true,"href":"https:\/\/www.fundaciomeritxell.cat\/es\/wp-json\/wp\/v2\/users\/2"}],"replies":[{"embeddable":true,"href":"https:\/\/www.fundaciomeritxell.cat\/es\/wp-json\/wp\/v2\/comments?post=16314"}],"version-history":[{"count":2,"href":"https:\/\/www.fundaciomeritxell.cat\/es\/wp-json\/wp\/v2\/pages\/16314\/revisions"}],"predecessor-version":[{"id":25801,"href":"https:\/\/www.fundaciomeritxell.cat\/es\/wp-json\/wp\/v2\/pages\/16314\/revisions\/25801"}],"wp:featuredmedia":[{"embeddable":true,"href":"https:\/\/www.fundaciomeritxell.cat\/es\/wp-json\/wp\/v2\/media\/19138"}],"wp:attachment":[{"href":"https:\/\/www.fundaciomeritxell.cat\/es\/wp-json\/wp\/v2\/media?parent=16314"}],"curies":[{"name":"wp","href":"https:\/\/api.w.org\/{rel}","templated":true}]}}

El inglés en la Escuela

<figure class="wp-block-image alignwide size-large"><img loading="lazy" decoding="async" width="1024" height="241" src="https://www.fundaciomeritxell.cat/wp-content/uploads/2021/06/2016_banner_ingles-1-1024x241.jpg" alt="" class="wp-image-17983" title="" srcset="https://www.fundaciomeritxell.cat/wp-content/uploads/2021/06/2016_banner_ingles-1-1024x241.jpg 1024w, https://www.fundaciomeritxell.cat/wp-content/uploads/2021/06/2016_banner_ingles-1-300x71.jpg 300w, https://www.fundaciomeritxell.cat/wp-content/uploads/2021/06/2016_banner_ingles-1-768x180.jpg 768w, https://www.fundaciomeritxell.cat/wp-content/uploads/2021/06/2016_banner_ingles-1.jpg 1200w" sizes="auto, (max-width: 1024px) 100vw, 1024px" /></figure>



<p>En un mundo globalizado, la herramienta que más puede ayudar a los jóvenes a abrirse paso dentro de un mercado laboral sin fronteras es el dominio de cuantas más lenguas, mejor. De entre todas, sin embargo, el inglés es la más aceptada como lengua de comunicación casi universal.</p>



<p>Esta es una inquietud generalizada entre los padres que, a menudo, nos preguntan sobre <strong>nuestro modelo de enseñanza del inglés y sobre los resultados y la preparación de los alumnos de la Escola Meritxell</strong>.</p>



<p>Os ofrecemos, pues, un repaso de todo lo que, dependiendo de la etapa, ponemos en práctica en la escuela para garantizar un excelente aprendizaje de esta lengua. Se trata de un compromiso que queda explicitado en nuestro <a href="https://www.fundaciomeritxell.cat/es/trets-didentitat-escola-meritxell/" target="_blank" rel="noopener noreferrer">Proyecto Educativo de Centro</a>.</p>



<figure class="wp-block-embed alignright is-type-video is-provider-youtube wp-block-embed-youtube wp-embed-aspect-16-9 wp-has-aspect-ratio"><div class="wp-block-embed__wrapper">
<iframe loading="lazy" title="Com tractem l’anglès amb els més petits" width="640" height="360" src="https://www.youtube.com/embed/EyNzHiLeoAY?feature=oembed" frameborder="0" allow="accelerometer; autoplay; clipboard-write; encrypted-media; gyroscope; picture-in-picture; web-share" referrerpolicy="strict-origin-when-cross-origin" allowfullscreen></iframe>
</div></figure>



<h3 class="wp-block-heading">Educación Infantil (I3 a I5)</h3>



<p>• Dedicación del <strong>100% de las horas de actividades complementarias a la inmersión lingüística en inglés</strong>; 5h semanales durante las que todos los <em>inputs</em> que recibe el alumno son en lengua inglesa.</p>



<p>• Soporte, en el aula, de una auxiliar que se comunica con todos (alumnos, profesores, familias&#8230;) <strong>exclusivamente en inglés</strong>.</p>



<h3 class="wp-block-heading">Educación Primaria (1º a 6º)</h3>



<p>• Los alumnos tienen una asignación horaria semanal de inglés como materia lectiva. A partir de 3º de Primaria, los grupos de clase se desdoblan para poder trabajar esta materia en <strong>grupos reducidos</strong> y facilitar la atención personalizada a cada alumno.</p>



<p>• En esta etapa el inglés se utiliza como lengua vehicular de una materia no lingüística como es Medio Natural (<em>Science</em>, en inglés). De este modo, la dedicación horaria en inglés duplica los mínimos establecidos por el Departament d’Ensenyament de la Generalitat de Catalunya.</p>



<p>• <strong><em>English Morning</em></strong>.&nbsp;Jornada de inmersión lingüística en inglés en toda la etapa de Educación Primaria.</p>



<p>• Durante el <strong><em>Science Day</em></strong>, los alumnos de Primaria exponen los experimentos científicos que han estado trabajando en la materia de Science a los alumnos del resto de niveles.</p>


<div class="wp-block-image">
<figure class="alignright size-large is-resized"><img loading="lazy" decoding="async" width="1024" height="256" src="https://www.fundaciomeritxell.cat/wp-content/uploads/2021/06/Personal-Growth-Meritxell-1024x256.png" alt="" class="wp-image-17701" style="width:512px;height:128px" title="" srcset="https://www.fundaciomeritxell.cat/wp-content/uploads/2021/06/Personal-Growth-Meritxell-1024x256.png 1024w, https://www.fundaciomeritxell.cat/wp-content/uploads/2021/06/Personal-Growth-Meritxell-300x75.png 300w, https://www.fundaciomeritxell.cat/wp-content/uploads/2021/06/Personal-Growth-Meritxell-768x192.png 768w, https://www.fundaciomeritxell.cat/wp-content/uploads/2021/06/Personal-Growth-Meritxell.png 1200w" sizes="auto, (max-width: 1024px) 100vw, 1024px" /></figure>
</div>


<p>• Coincidiendo con la proximidad de la Semana Santa, los alumnos de 6º de Primaria preparan un desfile de sombreros estrambóticos, confeccionados por ellos mismos, para conmemorar la divertida tradición británica llamada <em>Easter Bonnet Parade</em>. Participan en esta actividad todos los alumnos de Infantil y Primaria.</p>



<h3 class="wp-block-heading">ESO (1º a 4º)</h3>



<p>• Se imparten 3 horas semanales de <strong><em>English</em></strong> por curso, más 1 hora semanal adicional de <strong>inglés complementario</strong> en 2º, 3º y 4º de ESO. Hay que remarcar que esta materia se imparte en <strong>grupos reducidos</strong>.</p>



<p>• Con el <b><i>Speaking Workshop</i></b>, los alumnos disfrutan quincenalmente de 30 minutos de conversación en inglés con profesora nativa en grupos no superiores a los 5 alumnos dentro del horario lectivo.</p>



<p>• <strong>Internacionalización</strong>: La escuela trabaja para facilitar estancias lingüísticas del alumnado de Educación Secundaria en el extranjero, tanto a lo largo del año escolar como en verano.</p>


<div class="wp-block-image">
<figure class="alignright is-resized"><a href="https://www.fundaciomeritxell.cat/wp-content/uploads/2017/07/CAE-3.jpg" target="_blank" rel="noopener noreferrer"><img loading="lazy" decoding="async" width="340" height="260" src="https://www.fundaciomeritxell.cat/wp-content/uploads/2017/07/CAE-3.jpg" alt="Preparació proves CAE Escola Meritxell de Mataró" class="wp-image-9915" style="width:235px;height:180px" title="" srcset="https://www.fundaciomeritxell.cat/wp-content/uploads/2017/07/CAE-3.jpg 340w, https://www.fundaciomeritxell.cat/wp-content/uploads/2017/07/CAE-3-300x229.jpg 300w" sizes="auto, (max-width: 340px) 100vw, 340px" /></a></figure>
</div>


<h3 class="wp-block-heading">Bachillerato</h3>



<p>• Se imparten 3 horas semanales de&nbsp;<em><strong>English</strong></em>&nbsp;en clase.</p>



<p>• Se ofrece 1 hora semanal adicional de <strong>repaso de inglés</strong> con la misma profesora que imparte la materia.</p>



<h3 class="wp-block-heading">Actividades comunes y entre etapas</h3>



<p><strong><em>• Easter Egg Hunt</em></strong>. Los alumnos de 2º de ESO preparan esta actividad para los alumnos de Infantil. Se trata de una tradición extendida en los países de habla inglesa en la que los mayores esconden huevos de Pascua en un lugar concreto y cuentan una historia en inglés a los más pequeños para que puedan encontrar el escondite.</p>



<p><strong>• Padrinazgo en inglés</strong>. Todo el alumnado de la escuela, desde I3 hasta 2º de Bachillerato, participa en este programa en el que los mayores ayudan a los pequeños a mejorar su vocabulario y su expresión en inglés con motivo de las diferentes celebraciones de la escuela: Christmas, Halloween, Easter, Spring Time, etc.</p>



<p><strong>• Teatro en inglés</strong>. Cada curso escolar traemos compañías teatrales en inglés a la escuela para las diferentes etapas.</p>



<hr class="wp-block-separator has-css-opacity"/>


<div class="wp-block-image">
<figure class="alignleft"><a href="https://www.fundaciomeritxell.cat/wp-content/uploads/2017/06/logo-Academica-black-250x76-1.jpeg" target="_blank" rel="noopener noreferrer"><img loading="lazy" decoding="async" width="250" height="76" src="https://www.fundaciomeritxell.cat/wp-content/uploads/2017/06/logo-Academica-black-250x76-1.jpeg" alt="Diploma Dual de l’American High School i l&#039;Escola Meritxell" class="wp-image-9837" title=""></a></figure>
</div>


<p>Adicionalmente, a partir del curso 2017-18 ofrecemos el <a href="https://www.fundaciomeritxell.cat/nou-diploma-dual-international-high-school/" target="_blank" rel="noopener noreferrer">PROGRAMA INTERNACIONAL DUAL</a> (US HIGH SCHOOL) que da la oportunidad a los alumnos a partir 3º de ESO de alcanzar la titulación <em>High School</em> estadounidense, siempre que se hayan aprobado las materias necesarias para la convalidación de este título.</p>



<figure class="wp-block-embed alignright is-type-video is-provider-youtube wp-block-embed-youtube wp-embed-aspect-16-9 wp-has-aspect-ratio"><div class="wp-block-embed__wrapper">
<iframe loading="lazy" title="Academica. Qué es el Diploma Dual®" width="640" height="360" src="https://www.youtube.com/embed/WaHfn4OT4sM?feature=oembed" frameborder="0" allow="accelerometer; autoplay; clipboard-write; encrypted-media; gyroscope; picture-in-picture; web-share" referrerpolicy="strict-origin-when-cross-origin" allowfullscreen></iframe>
</div></figure>



<p>Así mismo, desde el año 2012, la Escola Meritxell ofrece el servicio&nbsp;<a href="https://www.fundaciomeritxell.cat/es/cic-idiomas-2/" target="_blank" rel="noopener noreferrer">CIC Idiomes</a> a las familias interesadas en recibir&nbsp;<strong>un soporte cualificado</strong>&nbsp;que garantice un nivel óptimo de inglés para sus hijos. Se trata de un espacio de perfeccionamiento, programado&nbsp;<strong>en horario extraescolar,</strong> para facilitar la participación de todos los alumnos que así lo deseen.</p>

<p>En un mundo globalizado, la herramienta que más puede ayudar a los jóvenes a abrirse paso dentro de un mercado laboral sin fronteras es el dominio de cuantas más lenguas, mejor. De entre todas, sin embargo, el inglés es la más aceptada como lengua de comunicación casi universal. Esta es &hellip; </p>
